{"id":5154,"date":"2023-11-03T15:01:20","date_gmt":"2023-11-03T14:01:20","guid":{"rendered":"https:\/\/cheries-cheris.com\/festival\/?page_id=5154"},"modified":"2023-11-08T09:59:52","modified_gmt":"2023-11-08T08:59:52","slug":"hommage-a-cyril-collard","status":"publish","type":"page","link":"https:\/\/cheries-cheris.com\/festival\/29eme-festival-du-film-lgbtqi-de-paris-du-18-au-28-novembre-2023\/cheries-cheris-hors-les-murs\/hommage-a-cyril-collard\/","title":{"rendered":"HOMMAGE \u00c0 CYRIL COLLARD"},"content":{"rendered":"<p><section class=\"kc-elm kc-css-355479 kc_row\"><div class=\"kc-row-container  kc-container\"><div class=\"kc-wrap-columns\"><div class=\"kc-elm kc-css-19002 kc_col-sm-12 kc_column kc_col-sm-12\"><div class=\"kc-col-container\"><div class=\"kc-elm kc-css-379987 kc_shortcode kc_single_image\">\n\n        <img decoding=\"async\" src=\"https:\/\/cheries-cheris.com\/festival\/wp-content\/uploads\/2023\/11\/Cyril-Collard.jpg\" class=\"\" alt=\"\" \/>    <\/div>\n<\/div><\/div><\/div><\/div><\/section><section class=\"kc-elm kc-css-30641 kc_row\"><div class=\"kc-row-container  kc-container\"><div class=\"kc-wrap-columns\"><div class=\"kc-elm kc-css-79161 kc_col-sm-12 kc_column kc_col-sm-12\"><div class=\"kc-col-container\"><div class=\"kc-elm kc-css-430459\" style=\"height: 40px; clear: both; width:100%;\"><\/div><\/div><\/div><\/div><\/div><\/section><section class=\"kc-elm kc-css-381544 kc_row\"><div class=\"kc-row-container  kc-container\"><div class=\"kc-wrap-columns\"><div class=\"kc-elm kc-css-243138 kc_col-sm-12 kc_column kc_col-sm-12\"><div class=\"kc-col-container\"><div class=\"kc-elm kc-css-622690 kc_text_block\"><\/p>\n<p>En partenariat avec le 7e Genre, le cin\u00e9ma L&#039;\u00c9cran et la Ville de Saint-Denis : projection-rencontre de <a href=\"https:\/\/cheries-cheris.com\/festival\/films\/cyril-collard-a-la-vie-a-lamour\/\"><strong>Cyril Collard, \u00e0 la vie, \u00e0 l&#039;amour<\/strong><\/a>, documentaire de Caroline Halazy, suivie d&#039;un d\u00e9bat avec la r\u00e9alisatrice et Jean-Jacques Jauffret, assistant r\u00e9alisateur de Cyril, anim\u00e9e par Anne Delabre et Laurent Bocahut.<\/p>\n<p>\n<\/div><\/div><\/div><\/div><\/div><\/section><section class=\"kc-elm kc-css-881182 kc_row\"><div class=\"kc-row-container  kc-container\"><div class=\"kc-wrap-columns\"><div class=\"kc-elm kc-css-930442 kc_col-sm-12 kc_column kc_col-sm-12\"><div class=\"kc-col-container\"><div class=\"kc-elm kc-css-451045\" style=\"height: 40px; clear: both; width:100%;\"><\/div><\/div><\/div><\/div><\/div><\/section><section class=\"kc-elm kc-css-25538 kc_row\"><div class=\"kc-row-container  kc-container\"><div class=\"kc-wrap-columns\"><div class=\"kc-elm kc-css-940076 kc_col-sm-6 kc_column kc_col-sm-6\"><div class=\"kc-col-container\"><div class=\"kc-elm kc-css-293149 kc_text_block\"><\/p>\n<p><strong>Vendredi 1er d\u00e9cembre \u00e0 20h15<\/strong><\/p>\n<\/p>\n<p>\n<\/div><div class=\"kc-elm kc-css-535226 kc_shortcode kc_single_image\">\n\n        <a  href=\"https:\/\/www.lecranstdenis.fr\/\" title=\"https:\/\/www.lecranstdenis.fr\/\" target=\"_blank\">\n        <img decoding=\"async\" src=\"https:\/\/cheries-cheris.com\/festival\/wp-content\/uploads\/2023\/11\/LOGO-ECRAN_NOIR-1.png\" class=\"\" alt=\"\" \/>    <\/a>\n    <\/div>\n<\/div><\/div><div class=\"kc-elm kc-css-440950 kc_col-sm-6 kc_column kc_col-sm-6\"><div class=\"kc-col-container\"><div class=\"kc-elm kc-css-472732 kc_text_block\"><\/p>\n<p><b>Cin\u00e9ma L&#039;\u00c9cran<\/p>\n<p><\/b><span style=\"font-style: inherit; font-family: -apple-system, BlinkMacSystemFont, \"Segoe UI\", Roboto, Oxygen-Sans, Ubuntu, Cantarell, \"Helvetica Neue\", sans-serif;\">14 passage de l&#039;Aqueduc<br \/><\/span><span style=\"font-style: inherit; font-family: -apple-system, BlinkMacSystemFont, \"Segoe UI\", Roboto, Oxygen-Sans, Ubuntu, Cantarell, \"Helvetica Neue\", sans-serif;\">93200 St-Denis<\/span><\/p>\n<p>\n<\/div><\/div><\/div><\/div><\/div><\/section><\/p>\n","protected":false},"excerpt":{"rendered":"","protected":false},"author":10,"featured_media":0,"parent":5044,"menu_order":0,"comment_status":"closed","ping_status":"closed","template":"","meta":{"footnotes":""},"cc_edition":[],"class_list":["post-5154","page","type-page","status-publish","hentry"],"_links":{"self":[{"href":"https:\/\/cheries-cheris.com\/festival\/wp-json\/wp\/v2\/pages\/5154","targetHints":{"allow":["GET"]}}],"collection":[{"href":"https:\/\/cheries-cheris.com\/festival\/wp-json\/wp\/v2\/pages"}],"about":[{"href":"https:\/\/cheries-cheris.com\/festival\/wp-json\/wp\/v2\/types\/page"}],"author":[{"embeddable":true,"href":"https:\/\/cheries-cheris.com\/festival\/wp-json\/wp\/v2\/users\/10"}],"replies":[{"embeddable":true,"href":"https:\/\/cheries-cheris.com\/festival\/wp-json\/wp\/v2\/comments?post=5154"}],"version-history":[{"count":5,"href":"https:\/\/cheries-cheris.com\/festival\/wp-json\/wp\/v2\/pages\/5154\/revisions"}],"predecessor-version":[{"id":5410,"href":"https:\/\/cheries-cheris.com\/festival\/wp-json\/wp\/v2\/pages\/5154\/revisions\/5410"}],"up":[{"embeddable":true,"href":"https:\/\/cheries-cheris.com\/festival\/wp-json\/wp\/v2\/pages\/5044"}],"wp:attachment":[{"href":"https:\/\/cheries-cheris.com\/festival\/wp-json\/wp\/v2\/media?parent=5154"}],"wp:term":[{"taxonomy":"cc_edition","embeddable":true,"href":"https:\/\/cheries-cheris.com\/festival\/wp-json\/wp\/v2\/cc_edition?post=5154"}],"curies":[{"name":"wp","href":"https:\/\/api.w.org\/{rel}","templated":true}]}}

HOMMAGE À CYRIL COLLARD

<p><section class="kc-elm kc-css-355479 kc_row"><div class="kc-row-container  kc-container"><div class="kc-wrap-columns"><div class="kc-elm kc-css-19002 kc_col-sm-12 kc_column kc_col-sm-12"><div class="kc-col-container"><div class="kc-elm kc-css-379987 kc_shortcode kc_single_image">

        <img decoding="async" src="https://cheries-cheris.com/festival/wp-content/uploads/2023/11/Cyril-Collard.jpg" class="" alt="" />    </div>
</div></div></div></div></section><section class="kc-elm kc-css-30641 kc_row"><div class="kc-row-container  kc-container"><div class="kc-wrap-columns"><div class="kc-elm kc-css-79161 kc_col-sm-12 kc_column kc_col-sm-12"><div class="kc-col-container"><div class="kc-elm kc-css-430459" style="height: 40px; clear: both; width:100%;"></div></div></div></div></div></section><section class="kc-elm kc-css-381544 kc_row"><div class="kc-row-container  kc-container"><div class="kc-wrap-columns"><div class="kc-elm kc-css-243138 kc_col-sm-12 kc_column kc_col-sm-12"><div class="kc-col-container"><div class="kc-elm kc-css-622690 kc_text_block"></p>
<p>En partenariat avec le 7e Genre, le cinéma L&#039;Écran et la Ville de Saint-Denis : projection-rencontre de <a href="https://cheries-cheris.com/festival/films/cyril-collard-a-la-vie-a-lamour/"><strong>Cyril Collard, à la vie, à l&#039;amour</strong></a>, documentaire de Caroline Halazy, suivie d&#039;un débat avec la réalisatrice et Jean-Jacques Jauffret, assistant réalisateur de Cyril, animée par Anne Delabre et Laurent Bocahut.</p>
<p>
</div></div></div></div></div></section><section class="kc-elm kc-css-881182 kc_row"><div class="kc-row-container  kc-container"><div class="kc-wrap-columns"><div class="kc-elm kc-css-930442 kc_col-sm-12 kc_column kc_col-sm-12"><div class="kc-col-container"><div class="kc-elm kc-css-451045" style="height: 40px; clear: both; width:100%;"></div></div></div></div></div></section><section class="kc-elm kc-css-25538 kc_row"><div class="kc-row-container  kc-container"><div class="kc-wrap-columns"><div class="kc-elm kc-css-940076 kc_col-sm-6 kc_column kc_col-sm-6"><div class="kc-col-container"><div class="kc-elm kc-css-293149 kc_text_block"></p>
<p><strong>Vendredi 1er décembre à 20h15</strong></p>
</p>
<p>
</div><div class="kc-elm kc-css-535226 kc_shortcode kc_single_image">

        <a  href="https://www.lecranstdenis.fr/" title="https://www.lecranstdenis.fr/" target="_blank">
        <img decoding="async" src="https://cheries-cheris.com/festival/wp-content/uploads/2023/11/LOGO-ECRAN_NOIR-1.png" class="" alt="" />    </a>
    </div>
</div></div><div class="kc-elm kc-css-440950 kc_col-sm-6 kc_column kc_col-sm-6"><div class="kc-col-container"><div class="kc-elm kc-css-472732 kc_text_block"></p>
<p><b>Cinéma L&#039;Écran</p>
<p></b><span style="font-style: inherit; font-family: -apple-system, BlinkMacSystemFont, "Segoe UI", Roboto, Oxygen-Sans, Ubuntu, Cantarell, "Helvetica Neue", sans-serif;">14 passage de l&#039;Aqueduc<br /></span><span style="font-style: inherit; font-family: -apple-system, BlinkMacSystemFont, "Segoe UI", Roboto, Oxygen-Sans, Ubuntu, Cantarell, "Helvetica Neue", sans-serif;">93200 St-Denis</span></p>
<p>
</div></div></div></div></div></section></p>
