{"id":1511,"date":"2019-10-13T16:46:16","date_gmt":"2019-10-13T14:46:16","guid":{"rendered":"http:\/\/cheries-cheris.com\/festival\/?page_id=1511"},"modified":"2019-10-18T10:57:49","modified_gmt":"2019-10-18T08:57:49","slug":"edito-de-gregory-tilhac-delegue-general-programmateur-du-festival","status":"publish","type":"page","link":"https:\/\/cheries-cheris.com\/festival\/25e-festival-du-film-lgbtq-de-paris-du-16-au-26-novembre-2019\/editos-et-jurys\/edito-de-gregory-tilhac-delegue-general-programmateur-du-festival\/","title":{"rendered":"\u00c9dito de Gr\u00e9gory Tilhac, D\u00e9l\u00e9gu\u00e9 g\u00e9n\u00e9ral &#038; programmateur du festival"},"content":{"rendered":"<section class=\"kc-elm kc-css-324467 kc_row\"><div class=\"kc-row-container  kc-container\"><div class=\"kc-wrap-columns\"><div class=\"kc-elm kc-css-779878 kc_col-sm-4 kc_column kc_col-sm-4\"><div class=\"kc-col-container\"><div class=\"kc-elm kc-css-748667 kc_shortcode kc_single_image\">\n\n        <img decoding=\"async\" src=\"https:\/\/cheries-cheris.com\/festival\/wp-content\/uploads\/2018\/10\/Gr\u00e9gory-Tilhac.jpg\" class=\"\" alt=\"Gr\u00e9gory Tilhac, D\u00e9l\u00e9gu\u00e9 g\u00e9n\u00e9ral &amp; programmateur du festival\" \/>    <\/div>\n<div class=\"kc-elm kc-css-690611 kc_text_block\"><\/p>\n<p><strong>Gr\u00e9gory Tilhac<\/strong><br \/>\n<em>D\u00e9l\u00e9gu\u00e9 g\u00e9n\u00e9ral &amp; programmateur du festival<\/em><\/p>\n<p>\n<\/div><\/div><\/div><div class=\"kc-elm kc-css-759001 kc_col-sm-8 kc_column kc_col-sm-8\"><div class=\"kc-col-container\"><div class=\"kc-elm kc-css-856 kc_text_block\"><\/p>\n<p>Le mariage pour tous et maintenant la PMA pour toutes. Nos droits progressent. Notre visibilit\u00e9 aussi : partout dans nos villes et nos rues, de plus en plus de jeunes et de couples ont le courage d\u2019assumer qui ils sont, de s\u2019aimer et de vivre au grand jour. Les couleurs de notre arc-en-ciel sont toujours plus diverses et \u00e9clatantes. Mais le ciel s\u2019assombrit aussi : pol\u00e9miques, outrances, insultes, injures et agressions n\u2019en sont que plus vivaces, mena\u00e7antes et intol\u00e9rables.<\/p>\n<p>Ici et ailleurs les LGBTQ sont point\u00e9s du doigt et d\u00e9sign\u00e9s comme les responsables d\u2019une influence n\u00e9faste, les membres d\u2019un soi-disant \u00ab lobby \u00bb responsable de la corruption des m\u0153urs, de l\u2019\u00e9croulement de la famille, d\u2019un complot ourdi de l\u2019\u00e9tranger contre la nation ou m\u00eame la civilisation. Vieille lune des pessimistes, des r\u00e9actionnaires de tout poil et des nationalistes emplis de haine, la d\u00e9signation d\u2019un nouveau bouc \u00e9missaire est toujours n\u00e9cessaire aux projets de repli et de recul aujourd\u2019hui comme hier. Ne baissons ni la garde ni la t\u00eate. Les droits ne se n\u00e9gocient pas, ne se conc\u00e8dent pas, ne se mendient pas : ils se conqui\u00e8rent et se renforcent. La lutte pour l\u2019\u00e9galit\u00e9 et le droit d\u2019\u00eatre soi-m\u00eame s\u2019av\u00e8re plus que jamais n\u00e9cessaire ici et partout dans le monde.<\/p>\n<p>Notre festival &#8211; votre festival ! &#8211; est un moment essentiel de ralliement, de pr\u00e9sentation, de repr\u00e9sentation des acteurs de ce combat. Il est aussi un moment de c\u00e9l\u00e9bration de la formidable profusion et de la grande diversit\u00e9 et cr\u00e9ativit\u00e9 du cin\u00e9ma LGBTQ. Depuis maintenant 25 ans, le festival Ch\u00e9ries-Ch\u00e9ris donne une visibilit\u00e9, un \u00e9cho \u00e0 toutes les luttes pour la dignit\u00e9 et la fiert\u00e9 qu\u2019elles soient individuelles ou collectives, de Paris \u00e0 Yaound\u00e9, de Rio \u00e0 Moscou, en passant par l\u2019Iran, le Guatemala, la Pologne, la Chine ou encore le Kurdistan.<\/p>\n<p>Partout des cin\u00e9astes, des documentaristes et celles et ceux qu\u2019ils ont film\u00e9.e.s luttent pour questionner les pr\u00e9jug\u00e9s, faire reculer l\u2019intol\u00e9rance avec courage et sinc\u00e9rit\u00e9.\u00a0 Cette ann\u00e9e encore, vous verrez des histoires dr\u00f4les, troublantes et \u00e9mouvantes, des portraits d\u2019activistes, d\u2019artistes, de beaux gar\u00e7ons et de jolies filles, de \u00ab cr\u00e9atures \u00bb fascinantes, de personnalit\u00e9s singuli\u00e8res, attachantes, excitantes ou v\u00e9n\u00e9neuses.<\/p>\n<p>Notre programmation 2019 est \u00e0 l\u2019image d\u2019une communaut\u00e9 fi\u00e8re, heureuse, cr\u00e9ative et d\u00e9termin\u00e9e.\u00a0 Que la f\u00eate commence !<\/p>\n<p>\n<\/div><\/div><\/div><\/div><\/div><\/section>\n","protected":false},"excerpt":{"rendered":"","protected":false},"author":1,"featured_media":579,"parent":1509,"menu_order":0,"comment_status":"closed","ping_status":"closed","template":"","meta":{"footnotes":""},"cc_edition":[],"class_list":["post-1511","page","type-page","status-publish","has-post-thumbnail","hentry"],"_links":{"self":[{"href":"https:\/\/cheries-cheris.com\/festival\/wp-json\/wp\/v2\/pages\/1511","targetHints":{"allow":["GET"]}}],"collection":[{"href":"https:\/\/cheries-cheris.com\/festival\/wp-json\/wp\/v2\/pages"}],"about":[{"href":"https:\/\/cheries-cheris.com\/festival\/wp-json\/wp\/v2\/types\/page"}],"author":[{"embeddable":true,"href":"https:\/\/cheries-cheris.com\/festival\/wp-json\/wp\/v2\/users\/1"}],"replies":[{"embeddable":true,"href":"https:\/\/cheries-cheris.com\/festival\/wp-json\/wp\/v2\/comments?post=1511"}],"version-history":[{"count":5,"href":"https:\/\/cheries-cheris.com\/festival\/wp-json\/wp\/v2\/pages\/1511\/revisions"}],"predecessor-version":[{"id":1913,"href":"https:\/\/cheries-cheris.com\/festival\/wp-json\/wp\/v2\/pages\/1511\/revisions\/1913"}],"up":[{"embeddable":true,"href":"https:\/\/cheries-cheris.com\/festival\/wp-json\/wp\/v2\/pages\/1509"}],"wp:featuredmedia":[{"embeddable":true,"href":"https:\/\/cheries-cheris.com\/festival\/wp-json\/wp\/v2\/media\/579"}],"wp:attachment":[{"href":"https:\/\/cheries-cheris.com\/festival\/wp-json\/wp\/v2\/media?parent=1511"}],"wp:term":[{"taxonomy":"cc_edition","embeddable":true,"href":"https:\/\/cheries-cheris.com\/festival\/wp-json\/wp\/v2\/cc_edition?post=1511"}],"curies":[{"name":"wp","href":"https:\/\/api.w.org\/{rel}","templated":true}]}}

Édito de Grégory Tilhac, Délégué général &#038; programmateur du festival

<section class="kc-elm kc-css-324467 kc_row"><div class="kc-row-container  kc-container"><div class="kc-wrap-columns"><div class="kc-elm kc-css-779878 kc_col-sm-4 kc_column kc_col-sm-4"><div class="kc-col-container"><div class="kc-elm kc-css-748667 kc_shortcode kc_single_image">

        <img decoding="async" src="https://cheries-cheris.com/festival/wp-content/uploads/2018/10/Grégory-Tilhac.jpg" class="" alt="Grégory Tilhac, Délégué général &amp; programmateur du festival" />    </div>
<div class="kc-elm kc-css-690611 kc_text_block"></p>
<p><strong>Grégory Tilhac</strong><br />
<em>Délégué général &amp; programmateur du festival</em></p>
<p>
</div></div></div><div class="kc-elm kc-css-759001 kc_col-sm-8 kc_column kc_col-sm-8"><div class="kc-col-container"><div class="kc-elm kc-css-856 kc_text_block"></p>
<p>Le mariage pour tous et maintenant la PMA pour toutes. Nos droits progressent. Notre visibilité aussi : partout dans nos villes et nos rues, de plus en plus de jeunes et de couples ont le courage d’assumer qui ils sont, de s’aimer et de vivre au grand jour. Les couleurs de notre arc-en-ciel sont toujours plus diverses et éclatantes. Mais le ciel s’assombrit aussi : polémiques, outrances, insultes, injures et agressions n’en sont que plus vivaces, menaçantes et intolérables.</p>
<p>Ici et ailleurs les LGBTQ sont pointés du doigt et désignés comme les responsables d’une influence néfaste, les membres d’un soi-disant « lobby » responsable de la corruption des mœurs, de l’écroulement de la famille, d’un complot ourdi de l’étranger contre la nation ou même la civilisation. Vieille lune des pessimistes, des réactionnaires de tout poil et des nationalistes emplis de haine, la désignation d’un nouveau bouc émissaire est toujours nécessaire aux projets de repli et de recul aujourd’hui comme hier. Ne baissons ni la garde ni la tête. Les droits ne se négocient pas, ne se concèdent pas, ne se mendient pas : ils se conquièrent et se renforcent. La lutte pour l’égalité et le droit d’être soi-même s’avère plus que jamais nécessaire ici et partout dans le monde.</p>
<p>Notre festival &#8211; votre festival ! &#8211; est un moment essentiel de ralliement, de présentation, de représentation des acteurs de ce combat. Il est aussi un moment de célébration de la formidable profusion et de la grande diversité et créativité du cinéma LGBTQ. Depuis maintenant 25 ans, le festival Chéries-Chéris donne une visibilité, un écho à toutes les luttes pour la dignité et la fierté qu’elles soient individuelles ou collectives, de Paris à Yaoundé, de Rio à Moscou, en passant par l’Iran, le Guatemala, la Pologne, la Chine ou encore le Kurdistan.</p>
<p>Partout des cinéastes, des documentaristes et celles et ceux qu’ils ont filmé.e.s luttent pour questionner les préjugés, faire reculer l’intolérance avec courage et sincérité.  Cette année encore, vous verrez des histoires drôles, troublantes et émouvantes, des portraits d’activistes, d’artistes, de beaux garçons et de jolies filles, de « créatures » fascinantes, de personnalités singulières, attachantes, excitantes ou vénéneuses.</p>
<p>Notre programmation 2019 est à l’image d’une communauté fière, heureuse, créative et déterminée.  Que la fête commence !</p>
<p>
</div></div></div></div></div></section>
