{"id":1316,"date":"2018-11-30T08:43:19","date_gmt":"2018-11-30T07:43:19","guid":{"rendered":"http:\/\/cheries-cheris.com\/festival\/?page_id=1316"},"modified":"2019-10-13T16:41:34","modified_gmt":"2019-10-13T14:41:34","slug":"palmares-du-24e-festival-du-film-lgbtq-de-paris-du-17-au-27-novembre-2018","status":"publish","type":"page","link":"https:\/\/cheries-cheris.com\/festival\/24e-festival-du-film-lgbtq-de-paris-du-17-au-27-novembre-2018\/palmares-du-24e-festival-du-film-lgbtq-de-paris-du-17-au-27-novembre-2018\/","title":{"rendered":"Palmar\u00e8s du 24e festival du film LGBTQ &#038; +++ de Paris, du 17 au 27 novembre 2018"},"content":{"rendered":"<section class=\"kc-elm kc-css-779153 kc_row\"><div class=\"kc-row-container  kc-container\"><div class=\"kc-wrap-columns\"><div class=\"kc-elm kc-css-98574 kc_col-sm-12 kc_column kc_col-sm-12\"><div class=\"kc-col-container\"><div class=\"kc-elm kc-css-712856\" style=\"height: 59px; clear: both; width:100%;\"><\/div><div class=\"kc-elm kc-css-537420 kc_text_block\"><\/p>\n<h1 style=\"text-align: center;\">Palmar\u00e8s du 24e festival Ch\u00e9ries-Ch\u00e9ries 2018<\/h1>\n<p>\n<\/div><div class=\"kc-elm kc-css-7899\" style=\"height: 59px; clear: both; width:100%;\"><\/div><div class=\"kc-elm kc-css-788483 kc_row kc_row_inner\"><div class=\"kc-elm kc-css-444717 kc_col-sm-12 kc_column_inner kc_col-sm-12\"><div class=\"kc_wrapper kc-col-inner-container\">\n<div class=\"kc-elm kc-css-197044 kc-title-wrap \">\n\n\t<h1 class=\"kc_title\">Grand Prix<\/h1>\n<\/div>\n<\/div><\/div><\/div><div class=\"kc-elm kc-css-523360\" style=\"height: 61px; clear: both; width:100%;\"><\/div><div class=\"kc-elm kc-css-595946 kc_row kc_row_inner\"><div class=\"kc-elm kc-css-989986 kc_col-sm-6 kc_column_inner kc_col-sm-6\"><div class=\"kc_wrapper kc-col-inner-container\"><div class=\"kc-elm kc-css-139187 kc_shortcode kc_single_image\">\n\n        <a  href=\"http:\/\/cheries-cheris.com\/festival\/films\/les-moissonneurs\/\" title=\"\" target=\"_self\">\n        <img decoding=\"async\" src=\"https:\/\/cheries-cheris.com\/festival\/wp-content\/uploads\/2018\/10\/Les-moissonneurs-300x168xc.jpg\" class=\"\" alt=\"\" \/>    <\/a>\n    <\/div>\n<\/div><\/div><div class=\"kc-elm kc-css-544353 kc_col-sm-6 kc_column_inner kc_col-sm-6\"><div class=\"kc_wrapper kc-col-inner-container\"><div class=\"kc-elm kc-css-456684 kc_text_block\"><\/p>\n<h2><a href=\"http:\/\/cheries-cheris.com\/festival\/films\/les-moissonneurs\/\">Les Moissonneurs<\/a><\/h2>\n<p>d\u2019Etienne KALLOS<\/p>\n<p>\n<\/div><\/div><\/div><\/div><div class=\"kc-elm kc-css-397871\" style=\"height: 61px; clear: both; width:100%;\"><\/div><div class=\"kc-elm kc-css-740876 kc_row kc_row_inner\"><div class=\"kc-elm kc-css-477636 kc_col-sm-6 kc_column_inner kc_col-sm-6\"><div class=\"kc_wrapper kc-col-inner-container\"><div class=\"kc-elm kc-css-400767 kc_text_block\"><\/p>\n<h3 style=\"text-align: right;\">Mention sp\u00e9ciale<\/h3>\n<h2 style=\"text-align: right;\"><a href=\"http:\/\/cheries-cheris.com\/festival\/films\/la-favorite\/\">La Favorite<\/a><\/h2>\n<p style=\"text-align: right;\">de Yorgos LANTHIMOS<\/p>\n<p>\n<\/div><\/div><\/div><div class=\"kc-elm kc-css-420071 kc_col-sm-6 kc_column_inner kc_col-sm-6\"><div class=\"kc_wrapper kc-col-inner-container\"><div class=\"kc-elm kc-css-900237 kc_shortcode kc_single_image\">\n\n        <a  href=\"http:\/\/cheries-cheris.com\/festival\/films\/la-favorite\/\" title=\"\" target=\"_self\">\n        <img decoding=\"async\" src=\"https:\/\/cheries-cheris.com\/festival\/wp-content\/uploads\/2018\/10\/La-favorite-300x168xc.jpg\" class=\"\" alt=\"\" \/>    <\/a>\n    <\/div>\n<\/div><\/div><\/div><div class=\"kc-elm kc-css-380413\" style=\"height: 59px; clear: both; width:100%;\"><\/div><div class=\"kc-elm kc-css-674462 kc_row kc_row_inner\"><div class=\"kc-elm kc-css-2282 kc_col-sm-6 kc_column_inner kc_col-sm-6\"><div class=\"kc_wrapper kc-col-inner-container\">\n<div class=\"kc-elm kc-css-418728 kc-title-wrap \">\n\n\t<h1 class=\"kc_title\">Prix du Jury<\/h1>\n<\/div>\n<\/div><\/div><div class=\"kc-elm kc-css-197102 kc_col-sm-6 kc_column_inner kc_col-sm-6\"><div class=\"kc_wrapper kc-col-inner-container\">\n<div class=\"kc-elm kc-css-509089 kc-title-wrap \">\n\n\t<h1 class=\"kc_title\">Prix d'Interpr\u00e9tation<\/h1>\n<\/div>\n<\/div><\/div><\/div><div class=\"kc-elm kc-css-980515 kc_row kc_row_inner\"><div class=\"kc-elm kc-css-94120 kc_col-sm-6 kc_column_inner kc_col-sm-6\"><div class=\"kc_wrapper kc-col-inner-container\"><div class=\"kc-elm kc-css-720291 kc_shortcode kc_single_image\">\n\n        <a  href=\"http:\/\/cheries-cheris.com\/festival\/films\/hard-paint\/\" title=\"\" target=\"_self\">\n        <img decoding=\"async\" src=\"https:\/\/cheries-cheris.com\/festival\/wp-content\/uploads\/2018\/10\/Hard-Paint-300x168xc.jpg\" class=\"\" alt=\"\" \/>    <\/a>\n    <\/div>\n<div class=\"kc-elm kc-css-877258 kc_text_block\"><\/p>\n<p style=\"text-align: center;\">\u00ab <a href=\"http:\/\/cheries-cheris.com\/festival\/films\/hard-paint\/\">Hard paint<\/a>\u00a0\u00bb<br \/>\nde Filipe MATZENBACHER et Marcio REOLON<\/p>\n<p>\n<\/div><\/div><\/div><div class=\"kc-elm kc-css-125764 kc_col-sm-6 kc_column_inner kc_col-sm-6\"><div class=\"kc_wrapper kc-col-inner-container\"><div class=\"kc-elm kc-css-872982 kc_shortcode kc_single_image\">\n\n        <a  href=\"http:\/\/cheries-cheris.com\/festival\/films\/night-comes-on\/\" title=\"\" target=\"_self\">\n        <img decoding=\"async\" src=\"https:\/\/cheries-cheris.com\/festival\/wp-content\/uploads\/2018\/10\/Night-comes-on-300x168xc.jpg\" class=\"\" alt=\"\" \/>    <\/a>\n    <\/div>\n<div class=\"kc-elm kc-css-803327 kc_text_block\"><\/p>\n<p style=\"text-align: center;\">Dominique FISHBACK et Tatum Marilyn HALL<br \/>\ndans \u00ab\u00a0<a href=\"http:\/\/cheries-cheris.com\/festival\/films\/night-comes-on\/\">Night comes on<\/a>\u00a0\u00bb<\/p>\n<p>\n<\/div><\/div><\/div><\/div><div class=\"kc-elm kc-css-168353\" style=\"height: 61px; clear: both; width:100%;\"><\/div><div class=\"kc-elm kc-css-780767 kc_row kc_row_inner\"><div class=\"kc-elm kc-css-466174 kc_col-sm-6 kc_column_inner kc_col-sm-6\"><div class=\"kc_wrapper kc-col-inner-container\">\n<div class=\"kc-elm kc-css-346148 kc-title-wrap \">\n\n\t<h1 class=\"kc_title\">Grand Prix Documentaire<\/h1>\n<\/div>\n<\/div><\/div><div class=\"kc-elm kc-css-747745 kc_col-sm-6 kc_column_inner kc_col-sm-6\"><div class=\"kc_wrapper kc-col-inner-container\">\n<div class=\"kc-elm kc-css-500084 kc-title-wrap \">\n\n\t<h1 class=\"kc_title\">Prix du Jury Documentaire<\/h1>\n<\/div>\n<\/div><\/div><\/div><div class=\"kc-elm kc-css-687308 kc_row kc_row_inner\"><div class=\"kc-elm kc-css-105885 kc_col-sm-6 kc_column_inner kc_col-sm-6\"><div class=\"kc_wrapper kc-col-inner-container\"><div class=\"kc-elm kc-css-515644 kc_shortcode kc_single_image\">\n\n        <a  href=\"http:\/\/cheries-cheris.com\/festival\/films\/bixa-travesty\/\" title=\"\" target=\"_self\">\n        <img decoding=\"async\" src=\"https:\/\/cheries-cheris.com\/festival\/wp-content\/uploads\/2018\/10\/BIXA-TRAVESTY-224x168xc.jpg\" class=\"\" alt=\"\" \/>    <\/a>\n    <\/div>\n<div class=\"kc-elm kc-css-882003 kc_text_block\"><\/p>\n<p style=\"text-align: center;\">\u00ab\u00a0<a href=\"http:\/\/cheries-cheris.com\/festival\/films\/bixa-travesty\/\">Bixa Travesty<\/a> \u00bb<br \/>\nde Claudia PRISCILLA et Kiko GOLFMAN<\/p>\n<p>\n<\/div><\/div><\/div><div class=\"kc-elm kc-css-862804 kc_col-sm-6 kc_column_inner kc_col-sm-6\"><div class=\"kc_wrapper kc-col-inner-container\"><div class=\"kc-elm kc-css-457814 kc_shortcode kc_single_image\">\n\n        <a  href=\"http:\/\/cheries-cheris.com\/festival\/films\/liam\/\" title=\"\" target=\"_self\">\n        <img decoding=\"async\" src=\"https:\/\/cheries-cheris.com\/festival\/wp-content\/uploads\/2018\/10\/LIAM_2_copyright_Alice_Films-224x168xc.jpg\" class=\"\" alt=\"\" \/>    <\/a>\n    <\/div>\n<div class=\"kc-elm kc-css-344546 kc_text_block\"><\/p>\n<p style=\"text-align: center;\">\u00ab\u00a0<a href=\"http:\/\/cheries-cheris.com\/festival\/films\/liam\/\">Liam<\/a> \u00bb<br \/>\nde Isidore BETHEL<\/p>\n<p>\n<\/div><\/div><\/div><\/div><div class=\"kc-elm kc-css-221494\" style=\"height: 61px; clear: both; width:100%;\"><\/div><div class=\"kc-elm kc-css-577121 kc_row kc_row_inner\"><div class=\"kc-elm kc-css-461826 kc_col-sm-6 kc_column_inner kc_col-sm-6\"><div class=\"kc_wrapper kc-col-inner-container\">\n<div class=\"kc-elm kc-css-959448 kc-title-wrap \">\n\n\t<h1 class=\"kc_title\">Grand Prix Courts-M\u00e9trages<\/h1>\n<\/div>\n<\/div><\/div><div class=\"kc-elm kc-css-544940 kc_col-sm-6 kc_column_inner kc_col-sm-6\"><div class=\"kc_wrapper kc-col-inner-container\">\n<div class=\"kc-elm kc-css-39270 kc-title-wrap \">\n\n\t<h1 class=\"kc_title\">Prix du Jury Courts-M\u00e9trages<\/h1>\n<\/div>\n<\/div><\/div><\/div><div class=\"kc-elm kc-css-886789 kc_row kc_row_inner\"><div class=\"kc-elm kc-css-361712 kc_col-sm-6 kc_column_inner kc_col-sm-6\"><div class=\"kc_wrapper kc-col-inner-container\"><div class=\"kc-elm kc-css-572697 kc_shortcode kc_single_image\">\n\n        <a  href=\"http:\/\/cheries-cheris.com\/festival\/films\/competition-courts-metrages-transgenres-2\/\" title=\"\" target=\"_self\">\n        <img decoding=\"async\" src=\"https:\/\/cheries-cheris.com\/festival\/wp-content\/uploads\/2018\/10\/pre-drink-224x168xc.jpg\" class=\"\" alt=\"\" \/>    <\/a>\n    <\/div>\n<div class=\"kc-elm kc-css-727064 kc_text_block\"><\/p>\n<p style=\"text-align: center;\">\u00ab\u00a0<a href=\"http:\/\/cheries-cheris.com\/festival\/films\/competition-courts-metrages-transgenres-2\/\">Pr\u00e9-drink<\/a> \u00bb<br \/>\nde Marc-Antoine LEMIRE<\/p>\n<p>\n<\/div><\/div><\/div><div class=\"kc-elm kc-css-592756 kc_col-sm-6 kc_column_inner kc_col-sm-6\"><div class=\"kc_wrapper kc-col-inner-container\"><div class=\"kc-elm kc-css-768142 kc_shortcode kc_single_image\">\n\n        <a  href=\"http:\/\/cheries-cheris.com\/festival\/films\/competition-courts-metrages-gay-2\/\" title=\"\" target=\"_self\">\n        <img decoding=\"async\" src=\"https:\/\/cheries-cheris.com\/festival\/wp-content\/uploads\/2018\/10\/Que-la-nuit-s-acheve-224x168xc.jpg\" class=\"\" alt=\"\" \/>    <\/a>\n    <\/div>\n<div class=\"kc-elm kc-css-486207 kc_text_block\"><\/p>\n<p style=\"text-align: center;\">\u00ab\u00a0<a href=\"http:\/\/cheries-cheris.com\/festival\/films\/competition-courts-metrages-gay-2\/\">Que la nuit s\u2019ach\u00e8ve<\/a> \u00bb<br \/>\nde Denoal ROUAUD<\/p>\n<p>\n<\/div><\/div><\/div><\/div><\/div><\/div><\/div><\/div><\/section>\n","protected":false},"excerpt":{"rendered":"","protected":false},"author":1,"featured_media":0,"parent":321,"menu_order":0,"comment_status":"closed","ping_status":"closed","template":"template-cc-home.php","meta":{"footnotes":""},"cc_edition":[],"class_list":["post-1316","page","type-page","status-publish","hentry"],"_links":{"self":[{"href":"https:\/\/cheries-cheris.com\/festival\/wp-json\/wp\/v2\/pages\/1316","targetHints":{"allow":["GET"]}}],"collection":[{"href":"https:\/\/cheries-cheris.com\/festival\/wp-json\/wp\/v2\/pages"}],"about":[{"href":"https:\/\/cheries-cheris.com\/festival\/wp-json\/wp\/v2\/types\/page"}],"author":[{"embeddable":true,"href":"https:\/\/cheries-cheris.com\/festival\/wp-json\/wp\/v2\/users\/1"}],"replies":[{"embeddable":true,"href":"https:\/\/cheries-cheris.com\/festival\/wp-json\/wp\/v2\/comments?post=1316"}],"version-history":[{"count":12,"href":"https:\/\/cheries-cheris.com\/festival\/wp-json\/wp\/v2\/pages\/1316\/revisions"}],"predecessor-version":[{"id":1506,"href":"https:\/\/cheries-cheris.com\/festival\/wp-json\/wp\/v2\/pages\/1316\/revisions\/1506"}],"up":[{"embeddable":true,"href":"https:\/\/cheries-cheris.com\/festival\/wp-json\/wp\/v2\/pages\/321"}],"wp:attachment":[{"href":"https:\/\/cheries-cheris.com\/festival\/wp-json\/wp\/v2\/media?parent=1316"}],"wp:term":[{"taxonomy":"cc_edition","embeddable":true,"href":"https:\/\/cheries-cheris.com\/festival\/wp-json\/wp\/v2\/cc_edition?post=1316"}],"curies":[{"name":"wp","href":"https:\/\/api.w.org\/{rel}","templated":true}]}}