{"id":848,"date":"2018-10-21T14:59:44","date_gmt":"2018-10-21T12:59:44","guid":{"rendered":"http:\/\/cheries-cheris.com\/festival\/?post_type=film&#038;p=848"},"modified":"2018-10-29T19:44:34","modified_gmt":"2018-10-29T18:44:34","slug":"competition-courts-metrages-transgenres-1","status":"publish","type":"film","link":"https:\/\/cheries-cheris.com\/festival\/films\/competition-courts-metrages-transgenres-1\/","title":{"rendered":"COMPETITION COURTS METRAGES TRANSGENRES 1"},"content":{"rendered":"<style type=\"text\/css\">@media only screen and (min-width: 1000px) and (max-width: 5000px){body.kc-css-system .kc-css-285242{width: 12.5%;}body.kc-css-system .kc-css-964789{width: 25%;}body.kc-css-system .kc-css-932377{width: 50%;}body.kc-css-system .kc-css-159816{width: 12.5%;}body.kc-css-system .kc-css-964793{width: 12.5%;}body.kc-css-system .kc-css-540380{width: 25%;}body.kc-css-system .kc-css-107898{width: 50%;}body.kc-css-system .kc-css-857349{width: 12.5%;}body.kc-css-system .kc-css-718090{width: 12.5%;}body.kc-css-system .kc-css-427264{width: 25%;}body.kc-css-system .kc-css-895878{width: 50%;}body.kc-css-system .kc-css-47343{width: 12.5%;}body.kc-css-system .kc-css-466541{width: 12.5%;}body.kc-css-system .kc-css-336283{width: 25%;}body.kc-css-system .kc-css-74607{width: 50%;}body.kc-css-system .kc-css-946125{width: 12.5%;}}<\/style>\n<section class=\"kc-elm kc-css-700520 kc_row\">\n<div class=\"kc-row-container  kc-container\">\n<div class=\"kc-wrap-columns\">\n<div class=\"kc-elm kc-css-986053 kc_col-sm-12 kc_column kc_col-sm-12\">\n<div class=\"kc-col-container\">\n<div class=\"kc-elm kc-css-642016 kc_text_block\">\n<p class=\"western\">La projection sera en pr\u00e9sence des \u00e9quipes de film.<\/p>\n<\/div>\n<div class=\"kc-elm kc-css-342097\" style=\"height: 20px; clear: both; width:100%;\"><\/div>\n<div class=\"kc-elm kc-css-554271 kc_row kc_row_inner\">\n<div class=\"kc-elm kc-css-285242 kc_col-sm-2 kc_column_inner kc_col-sm-2\">\n<div class=\"kc_wrapper kc-col-inner-container\"><\/div>\n<\/div>\n<div class=\"kc-elm kc-css-964789 kc_col-sm-3 kc_column_inner kc_col-sm-3\">\n<div class=\"kc_wrapper kc-col-inner-container\">\n<div class=\"kc-elm kc-css-807260 kc_shortcode kc_single_image\">\n<p>        <img decoding=\"async\" src=\"http:\/\/cheries-cheris.com\/festival\/wp-content\/uploads\/2018\/10\/la-debutante.jpg\" class=\"\" alt=\"LA DEBUTANTE\" \/>    <\/div>\n<\/div>\n<\/div>\n<div class=\"kc-elm kc-css-932377 kc_col-sm-6 kc_column_inner kc_col-sm-6\">\n<div class=\"kc_wrapper kc-col-inner-container\">\n<div class=\"kc-elm kc-css-506444 kc_text_block\">\n<h2 class=\"western\">LA DEBUTANTE<\/h2>\n<h5 class=\"western\">Lena Tosta<\/h5>\n<p class=\"western\">N\u00e9e et assign\u00e9e gar\u00e7on dans le Nord-Pas-de-Calais de l&rsquo;apr\u00e8s-guerre, les 56 premi\u00e8res ann\u00e9es de la vie d&rsquo;Emilie furent une lutte pour s&rsquo;int\u00e9grer dans l&rsquo;unique mod\u00e8le de vie qu&rsquo;elle connaissait. Emilie devint propri\u00e9taire d&rsquo;une maison de banlieue dans la ville prosp\u00e8re de Beauvais, mari\u00e9e \u00e0 une infirmi\u00e8re et \u00e9levant trois enfants. A 56 ans, elle r\u00e9alise qu\u2019elle doit entamer sa transition ou sinon c\u2019est la mort. Un t\u00e9moignage fort, prouvant qu\u2019il n\u2019est jamais trop tard pour devenir qui vous \u00eates.<\/p>\n<p class=\"western\"><strong>Documentaire. France. 2018. 44\u2019<\/strong><\/p>\n<\/div>\n<\/div>\n<\/div>\n<div class=\"kc-elm kc-css-159816 kc_col-sm-2 kc_column_inner kc_col-sm-2\">\n<div class=\"kc_wrapper kc-col-inner-container\"><\/div>\n<\/div>\n<\/div>\n<div class=\"kc-elm kc-css-359831\" style=\"height: 20px; clear: both; width:100%;\"><\/div>\n<\/div>\n<\/div>\n<\/div>\n<\/div>\n<\/section>\n<section class=\"kc-elm kc-css-942719 kc_row\">\n<div class=\"kc-row-container  kc-container\">\n<div class=\"kc-wrap-columns\">\n<div class=\"kc-elm kc-css-93632 kc_col-sm-12 kc_column kc_col-sm-12\">\n<div class=\"kc-col-container\">\n<div class=\"kc-elm kc-css-281101 kc_row kc_row_inner\">\n<div class=\"kc-elm kc-css-964793 kc_col-sm-2 kc_column_inner kc_col-sm-2\">\n<div class=\"kc_wrapper kc-col-inner-container\"><\/div>\n<\/div>\n<div class=\"kc-elm kc-css-540380 kc_col-sm-3 kc_column_inner kc_col-sm-3\">\n<div class=\"kc_wrapper kc-col-inner-container\">\n<div class=\"kc-elm kc-css-121127 kc_shortcode kc_single_image\">\n<p>        <img decoding=\"async\" src=\"http:\/\/cheries-cheris.com\/festival\/wp-content\/uploads\/2018\/10\/Arthur-cestpapa.jpg\" class=\"\" alt=\"C\u2019EST PAPA\" \/>    <\/div>\n<\/div>\n<\/div>\n<div class=\"kc-elm kc-css-107898 kc_col-sm-6 kc_column_inner kc_col-sm-6\">\n<div class=\"kc_wrapper kc-col-inner-container\">\n<div class=\"kc-elm kc-css-248694 kc_text_block\">\n<h2 class=\"western\">ARTHUR, C\u2019EST PAPA<\/h2>\n<h5 class=\"western\">Lionel Bernard<\/h5>\n<p class=\"western\">Arno, la trentaine, est un homme transgenre mari\u00e9 \u00e0 Emilie. Il y a quatre ans, ils ont d\u00e9cid\u00e9 de faire na\u00eetre de leur amour un enfant, le petit Arthur. Ce portrait de famille intimiste nous raconte le parcours, les doutes et les espoirs de cette \u00ab nouvelle famille \u00bb d\u2019apparence ordinaire. Plus largement, il interroge l\u2019ordre familial patriarcal et t\u00e9moigne de l\u2019universalit\u00e9 de l\u2019amour parental.<\/p>\n<p class=\"western\"><strong>Documentaire. France. 2018. 18\u2019<\/strong><\/p>\n<\/div>\n<\/div>\n<\/div>\n<div class=\"kc-elm kc-css-857349 kc_col-sm-2 kc_column_inner kc_col-sm-2\">\n<div class=\"kc_wrapper kc-col-inner-container\"><\/div>\n<\/div>\n<\/div>\n<div class=\"kc-elm kc-css-185666\" style=\"height: 20px; clear: both; width:100%;\"><\/div>\n<\/div>\n<\/div>\n<\/div>\n<\/div>\n<\/section>\n<section class=\"kc-elm kc-css-619695 kc_row\">\n<div class=\"kc-row-container  kc-container\">\n<div class=\"kc-wrap-columns\">\n<div class=\"kc-elm kc-css-133718 kc_col-sm-12 kc_column kc_col-sm-12\">\n<div class=\"kc-col-container\">\n<div class=\"kc-elm kc-css-315279 kc_row kc_row_inner\">\n<div class=\"kc-elm kc-css-718090 kc_col-sm-2 kc_column_inner kc_col-sm-2\">\n<div class=\"kc_wrapper kc-col-inner-container\"><\/div>\n<\/div>\n<div class=\"kc-elm kc-css-427264 kc_col-sm-3 kc_column_inner kc_col-sm-3\">\n<div class=\"kc_wrapper kc-col-inner-container\">\n<div class=\"kc-elm kc-css-246287 kc_shortcode kc_single_image\">\n<p>        <img decoding=\"async\" src=\"http:\/\/cheries-cheris.com\/festival\/wp-content\/uploads\/2018\/10\/ceci-est-mon-corps.jpg\" class=\"\" alt=\"CECI N\u2019EST PAS MON CORPS\" \/>    <\/div>\n<\/div>\n<\/div>\n<div class=\"kc-elm kc-css-895878 kc_col-sm-6 kc_column_inner kc_col-sm-6\">\n<div class=\"kc_wrapper kc-col-inner-container\">\n<div class=\"kc-elm kc-css-200654 kc_text_block\">\n<h2 class=\"western\">CECI N\u2019EST PAS MON CORPS<\/h2>\n<h5 class=\"western\">Enzo Joyeux<\/h5>\n<p class=\"western\">Alex, un jeune homme trans de 24 ans, est \u00e0 un moment crucial de sa transition. Ses r\u00eaves et sa r\u00e9alit\u00e9 se confrontent quotidiennement. Son entourage tente de le soutenir et de lui redonner confiance en lui.<\/p>\n<p class=\"western\"><strong>Fiction. France. 2018. 27\u2019<\/strong><\/p>\n<\/div>\n<\/div>\n<\/div>\n<div class=\"kc-elm kc-css-47343 kc_col-sm-2 kc_column_inner kc_col-sm-2\">\n<div class=\"kc_wrapper kc-col-inner-container\"><\/div>\n<\/div>\n<\/div>\n<div class=\"kc-elm kc-css-137316\" style=\"height: 20px; clear: both; width:100%;\"><\/div>\n<\/div>\n<\/div>\n<\/div>\n<\/div>\n<\/section>\n<section class=\"kc-elm kc-css-773273 kc_row\">\n<div class=\"kc-row-container  kc-container\">\n<div class=\"kc-wrap-columns\">\n<div class=\"kc-elm kc-css-400839 kc_col-sm-12 kc_column kc_col-sm-12\">\n<div class=\"kc-col-container\">\n<div class=\"kc-elm kc-css-316760 kc_row kc_row_inner\">\n<div class=\"kc-elm kc-css-466541 kc_col-sm-2 kc_column_inner kc_col-sm-2\">\n<div class=\"kc_wrapper kc-col-inner-container\"><\/div>\n<\/div>\n<div class=\"kc-elm kc-css-336283 kc_col-sm-3 kc_column_inner kc_col-sm-3\">\n<div class=\"kc_wrapper kc-col-inner-container\">\n<div class=\"kc-elm kc-css-186238 kc_shortcode kc_single_image\">\n<p>        <img decoding=\"async\" src=\"http:\/\/cheries-cheris.com\/festival\/wp-content\/uploads\/2018\/10\/Enzo_sPORCHERCARLI-20.jpg\" class=\"\" alt=\"ENZO\" \/>    <\/div>\n<\/div>\n<\/div>\n<div class=\"kc-elm kc-css-74607 kc_col-sm-6 kc_column_inner kc_col-sm-6\">\n<div class=\"kc_wrapper kc-col-inner-container\">\n<div class=\"kc-elm kc-css-665562 kc_text_block\">\n<h2 class=\"western\">ENZO<\/h2>\n<h5 class=\"western\">Serena Porcher-Carli<\/h5>\n<p class=\"western\">Serena vous emm\u00e8ne en visite chez Enzo. Dans une ambiance intimiste, ce personnage vous laisse entrer dans sa vie, une vie extraordinaire, car il s&rsquo;agit de celle d&rsquo;un gar\u00e7on trans.<\/p>\n<p class=\"western\"><strong>Documentaire. France. 2017. 7\u201923<\/strong><\/p>\n<\/div>\n<\/div>\n<\/div>\n<div class=\"kc-elm kc-css-946125 kc_col-sm-2 kc_column_inner kc_col-sm-2\">\n<div class=\"kc_wrapper kc-col-inner-container\"><\/div>\n<\/div>\n<\/div>\n<div class=\"kc-elm kc-css-493818\" style=\"height: 20px; clear: both; width:100%;\"><\/div>\n<\/div>\n<\/div>\n<\/div>\n<\/div>\n<\/section>\n","protected":false},"excerpt":{"rendered":"<p>La projection sera en pr\u00e9sence des \u00e9quipes de film. LA DEBUTANTE Lena Tosta N\u00e9e et assign\u00e9e gar\u00e7on dans le Nord-Pas-de-Calais de l&rsquo;apr\u00e8s-guerre, les 56 premi\u00e8res ann\u00e9es de la vie d&rsquo;Emilie furent une lutte pour s&rsquo;int\u00e9grer dans l&rsquo;unique mod\u00e8le de vie qu&rsquo;elle connaissait. Emilie devint propri\u00e9taire d&rsquo;une maison de banlieue dans la ville prosp\u00e8re de Beauvais, [&hellip;]<\/p>\n","protected":false},"featured_media":849,"template":"","meta":[],"film-type":[11,39],"film-tag":[],"class_list":["post-848","film","type-film","status-publish","has-post-thumbnail","hentry","film-type-competition-courts-metrages","film-type-courts-metrages"],"_links":{"self":[{"href":"https:\/\/cheries-cheris.com\/festival\/wp-json\/wp\/v2\/film\/848","targetHints":{"allow":["GET"]}}],"collection":[{"href":"https:\/\/cheries-cheris.com\/festival\/wp-json\/wp\/v2\/film"}],"about":[{"href":"https:\/\/cheries-cheris.com\/festival\/wp-json\/wp\/v2\/types\/film"}],"wp:featuredmedia":[{"embeddable":true,"href":"https:\/\/cheries-cheris.com\/festival\/wp-json\/wp\/v2\/media\/849"}],"wp:attachment":[{"href":"https:\/\/cheries-cheris.com\/festival\/wp-json\/wp\/v2\/media?parent=848"}],"wp:term":[{"taxonomy":"film-type","embeddable":true,"href":"https:\/\/cheries-cheris.com\/festival\/wp-json\/wp\/v2\/film-type?post=848"},{"taxonomy":"film-tag","embeddable":true,"href":"https:\/\/cheries-cheris.com\/festival\/wp-json\/wp\/v2\/film-tag?post=848"}],"curies":[{"name":"wp","href":"https:\/\/api.w.org\/{rel}","templated":true}]}}

<style type="text/css">@media only screen and (min-width: 1000px) and (max-width: 5000px){body.kc-css-system .kc-css-285242{width: 12.5%;}body.kc-css-system .kc-css-964789{width: 25%;}body.kc-css-system .kc-css-932377{width: 50%;}body.kc-css-system .kc-css-159816{width: 12.5%;}body.kc-css-system .kc-css-964793{width: 12.5%;}body.kc-css-system .kc-css-540380{width: 25%;}body.kc-css-system .kc-css-107898{width: 50%;}body.kc-css-system .kc-css-857349{width: 12.5%;}body.kc-css-system .kc-css-718090{width: 12.5%;}body.kc-css-system .kc-css-427264{width: 25%;}body.kc-css-system .kc-css-895878{width: 50%;}body.kc-css-system .kc-css-47343{width: 12.5%;}body.kc-css-system .kc-css-466541{width: 12.5%;}body.kc-css-system .kc-css-336283{width: 25%;}body.kc-css-system .kc-css-74607{width: 50%;}body.kc-css-system .kc-css-946125{width: 12.5%;}}</style>
<section class="kc-elm kc-css-700520 kc_row">
<div class="kc-row-container  kc-container">
<div class="kc-wrap-columns">
<div class="kc-elm kc-css-986053 kc_col-sm-12 kc_column kc_col-sm-12">
<div class="kc-col-container">
<div class="kc-elm kc-css-642016 kc_text_block">
<p class="western">La projection sera en présence des équipes de film.</p>
</div>
<div class="kc-elm kc-css-342097" style="height: 20px; clear: both; width:100%;"></div>
<div class="kc-elm kc-css-554271 kc_row kc_row_inner">
<div class="kc-elm kc-css-285242 kc_col-sm-2 kc_column_inner kc_col-sm-2">
<div class="kc_wrapper kc-col-inner-container"></div>
</div>
<div class="kc-elm kc-css-964789 kc_col-sm-3 kc_column_inner kc_col-sm-3">
<div class="kc_wrapper kc-col-inner-container">
<div class="kc-elm kc-css-807260 kc_shortcode kc_single_image">
<p>        <img decoding="async" src="http://cheries-cheris.com/festival/wp-content/uploads/2018/10/la-debutante.jpg" class="" alt="LA DEBUTANTE" />    </div>
</div>
</div>
<div class="kc-elm kc-css-932377 kc_col-sm-6 kc_column_inner kc_col-sm-6">
<div class="kc_wrapper kc-col-inner-container">
<div class="kc-elm kc-css-506444 kc_text_block">
<h2 class="western">LA DEBUTANTE</h2>
<h5 class="western">Lena Tosta</h5>
<p class="western">Née et assignée garçon dans le Nord-Pas-de-Calais de l&rsquo;après-guerre, les 56 premières années de la vie d&rsquo;Emilie furent une lutte pour s&rsquo;intégrer dans l&rsquo;unique modèle de vie qu&rsquo;elle connaissait. Emilie devint propriétaire d&rsquo;une maison de banlieue dans la ville prospère de Beauvais, mariée à une infirmière et élevant trois enfants. A 56 ans, elle réalise qu’elle doit entamer sa transition ou sinon c’est la mort. Un témoignage fort, prouvant qu’il n’est jamais trop tard pour devenir qui vous êtes.</p>
<p class="western"><strong>Documentaire. France. 2018. 44’</strong></p>
</div>
</div>
</div>
<div class="kc-elm kc-css-159816 kc_col-sm-2 kc_column_inner kc_col-sm-2">
<div class="kc_wrapper kc-col-inner-container"></div>
</div>
</div>
<div class="kc-elm kc-css-359831" style="height: 20px; clear: both; width:100%;"></div>
</div>
</div>
</div>
</div>
</section>
<section class="kc-elm kc-css-942719 kc_row">
<div class="kc-row-container  kc-container">
<div class="kc-wrap-columns">
<div class="kc-elm kc-css-93632 kc_col-sm-12 kc_column kc_col-sm-12">
<div class="kc-col-container">
<div class="kc-elm kc-css-281101 kc_row kc_row_inner">
<div class="kc-elm kc-css-964793 kc_col-sm-2 kc_column_inner kc_col-sm-2">
<div class="kc_wrapper kc-col-inner-container"></div>
</div>
<div class="kc-elm kc-css-540380 kc_col-sm-3 kc_column_inner kc_col-sm-3">
<div class="kc_wrapper kc-col-inner-container">
<div class="kc-elm kc-css-121127 kc_shortcode kc_single_image">
<p>        <img decoding="async" src="http://cheries-cheris.com/festival/wp-content/uploads/2018/10/Arthur-cestpapa.jpg" class="" alt="C’EST PAPA" />    </div>
</div>
</div>
<div class="kc-elm kc-css-107898 kc_col-sm-6 kc_column_inner kc_col-sm-6">
<div class="kc_wrapper kc-col-inner-container">
<div class="kc-elm kc-css-248694 kc_text_block">
<h2 class="western">ARTHUR, C’EST PAPA</h2>
<h5 class="western">Lionel Bernard</h5>
<p class="western">Arno, la trentaine, est un homme transgenre marié à Emilie. Il y a quatre ans, ils ont décidé de faire naître de leur amour un enfant, le petit Arthur. Ce portrait de famille intimiste nous raconte le parcours, les doutes et les espoirs de cette « nouvelle famille » d’apparence ordinaire. Plus largement, il interroge l’ordre familial patriarcal et témoigne de l’universalité de l’amour parental.</p>
<p class="western"><strong>Documentaire. France. 2018. 18’</strong></p>
</div>
</div>
</div>
<div class="kc-elm kc-css-857349 kc_col-sm-2 kc_column_inner kc_col-sm-2">
<div class="kc_wrapper kc-col-inner-container"></div>
</div>
</div>
<div class="kc-elm kc-css-185666" style="height: 20px; clear: both; width:100%;"></div>
</div>
</div>
</div>
</div>
</section>
<section class="kc-elm kc-css-619695 kc_row">
<div class="kc-row-container  kc-container">
<div class="kc-wrap-columns">
<div class="kc-elm kc-css-133718 kc_col-sm-12 kc_column kc_col-sm-12">
<div class="kc-col-container">
<div class="kc-elm kc-css-315279 kc_row kc_row_inner">
<div class="kc-elm kc-css-718090 kc_col-sm-2 kc_column_inner kc_col-sm-2">
<div class="kc_wrapper kc-col-inner-container"></div>
</div>
<div class="kc-elm kc-css-427264 kc_col-sm-3 kc_column_inner kc_col-sm-3">
<div class="kc_wrapper kc-col-inner-container">
<div class="kc-elm kc-css-246287 kc_shortcode kc_single_image">
<p>        <img decoding="async" src="http://cheries-cheris.com/festival/wp-content/uploads/2018/10/ceci-est-mon-corps.jpg" class="" alt="CECI N’EST PAS MON CORPS" />    </div>
</div>
</div>
<div class="kc-elm kc-css-895878 kc_col-sm-6 kc_column_inner kc_col-sm-6">
<div class="kc_wrapper kc-col-inner-container">
<div class="kc-elm kc-css-200654 kc_text_block">
<h2 class="western">CECI N’EST PAS MON CORPS</h2>
<h5 class="western">Enzo Joyeux</h5>
<p class="western">Alex, un jeune homme trans de 24 ans, est à un moment crucial de sa transition. Ses rêves et sa réalité se confrontent quotidiennement. Son entourage tente de le soutenir et de lui redonner confiance en lui.</p>
<p class="western"><strong>Fiction. France. 2018. 27’</strong></p>
</div>
</div>
</div>
<div class="kc-elm kc-css-47343 kc_col-sm-2 kc_column_inner kc_col-sm-2">
<div class="kc_wrapper kc-col-inner-container"></div>
</div>
</div>
<div class="kc-elm kc-css-137316" style="height: 20px; clear: both; width:100%;"></div>
</div>
</div>
</div>
</div>
</section>
<section class="kc-elm kc-css-773273 kc_row">
<div class="kc-row-container  kc-container">
<div class="kc-wrap-columns">
<div class="kc-elm kc-css-400839 kc_col-sm-12 kc_column kc_col-sm-12">
<div class="kc-col-container">
<div class="kc-elm kc-css-316760 kc_row kc_row_inner">
<div class="kc-elm kc-css-466541 kc_col-sm-2 kc_column_inner kc_col-sm-2">
<div class="kc_wrapper kc-col-inner-container"></div>
</div>
<div class="kc-elm kc-css-336283 kc_col-sm-3 kc_column_inner kc_col-sm-3">
<div class="kc_wrapper kc-col-inner-container">
<div class="kc-elm kc-css-186238 kc_shortcode kc_single_image">
<p>        <img decoding="async" src="http://cheries-cheris.com/festival/wp-content/uploads/2018/10/Enzo_sPORCHERCARLI-20.jpg" class="" alt="ENZO" />    </div>
</div>
</div>
<div class="kc-elm kc-css-74607 kc_col-sm-6 kc_column_inner kc_col-sm-6">
<div class="kc_wrapper kc-col-inner-container">
<div class="kc-elm kc-css-665562 kc_text_block">
<h2 class="western">ENZO</h2>
<h5 class="western">Serena Porcher-Carli</h5>
<p class="western">Serena vous emmène en visite chez Enzo. Dans une ambiance intimiste, ce personnage vous laisse entrer dans sa vie, une vie extraordinaire, car il s&rsquo;agit de celle d&rsquo;un garçon trans.</p>
<p class="western"><strong>Documentaire. France. 2017. 7’23</strong></p>
</div>
</div>
</div>
<div class="kc-elm kc-css-946125 kc_col-sm-2 kc_column_inner kc_col-sm-2">
<div class="kc_wrapper kc-col-inner-container"></div>
</div>
</div>
<div class="kc-elm kc-css-493818" style="height: 20px; clear: both; width:100%;"></div>
</div>
</div>
</div>
</div>
</section>

<p>La projection sera en présence des équipes de film. LA DEBUTANTE Lena Tosta Née et assignée garçon dans le Nord-Pas-de-Calais de l&rsquo;après-guerre, les 56 premières années de la vie d&rsquo;Emilie furent une lutte pour s&rsquo;intégrer dans l&rsquo;unique modèle de vie qu&rsquo;elle connaissait. Emilie devint propriétaire d&rsquo;une maison de banlieue dans la ville prospère de Beauvais, [&hellip;]</p>
