{"id":5587,"date":"2024-10-15T12:01:15","date_gmt":"2024-10-15T10:01:15","guid":{"rendered":"https:\/\/cheries-cheris.com\/festival\/?post_type=film&#038;p=5587"},"modified":"2024-10-30T10:06:54","modified_gmt":"2024-10-30T09:06:54","slug":"la-photo-retrouvee","status":"publish","type":"film","link":"https:\/\/cheries-cheris.com\/festival\/films\/la-photo-retrouvee\/","title":{"rendered":"LA PHOTO RETROUV\u00c9E"},"content":{"rendered":"<p>\u00ab\u00a0<em>Dans mon enfance, j\u2019ai v\u00e9cu des \u00e9v\u00e8nements traumatisants, subi des actes de maltraitance, qui ont impact\u00e9 mon \u00eatre \u00e0 jamais. J\u2019ai pass\u00e9 ma vie \u00e0 ressasser ces instants<\/em><em>, \u00e0 tenter d\u2019en comprendre le sens, dans le but de rester vivant. J\u2019arrive aujourd\u2019hui \u00e0 d\u00e9chiffrer cette histoire et \u00e0 d\u00e9sirer la raconter. Mais je n\u2019ai quasiment pas d\u2019image de mon enfance, ni de ma famille. Alors je d\u00e9cide d\u2019emprunter celles des autres\u2026<\/em>\u00a0\u00bb &#8211; Pierre Primetens.<\/p>\n<p>C\u2019est ainsi que d\u00e9bute la qu\u00eate de Pierre P., r\u00e9alisateur franco-portugais connu pour ses films autobiographiques : une m\u00e9moire partielle, une envie de conna\u00eetre, de d\u00e9couvrir et enfin une volont\u00e9 de mettre des images sur des souvenirs vol\u00e9s\u2026 Cette absence d\u2019images, cette carence, sont les moteurs m\u00eame de son film : pour raconter son histoire, il va emprunter les images des autres.\u00a0<i>La photo retrouv\u00e9e<\/i> raconte une poign\u00e9e de destins violents, intrins\u00e8quement li\u00e9s les uns aux autres, par des mariages et des liens du sang, mais aussi la lutte pour l\u2019int\u00e9grit\u00e9 de l\u2019identit\u00e9 sexuelle.<\/p>\n<p><strong>S\u00e9ances en pr\u00e9sence de Pierre Primetens\u00a0<\/strong><\/p>\n<p>&nbsp;<\/p>\n<p>&nbsp;<\/p>\n","protected":false},"excerpt":{"rendered":"<p>\u00ab\u00a0Dans mon enfance, j\u2019ai v\u00e9cu des \u00e9v\u00e8nements traumatisants, subi des actes de maltraitance, qui ont impact\u00e9 mon \u00eatre \u00e0 jamais. J\u2019ai pass\u00e9 ma vie \u00e0 ressasser ces instants, \u00e0 tenter d\u2019en comprendre le sens, dans le but de rester vivant. J\u2019arrive aujourd\u2019hui \u00e0 d\u00e9chiffrer cette histoire et \u00e0 d\u00e9sirer la raconter. Mais je n\u2019ai quasiment [&hellip;]<\/p>\n","protected":false},"featured_media":5754,"template":"","meta":[],"film-type":[13],"film-tag":[86],"class_list":["post-5587","film","type-film","status-publish","has-post-thumbnail","hentry","film-type-competition-documentaires","film-tag-86"],"_links":{"self":[{"href":"https:\/\/cheries-cheris.com\/festival\/wp-json\/wp\/v2\/film\/5587","targetHints":{"allow":["GET"]}}],"collection":[{"href":"https:\/\/cheries-cheris.com\/festival\/wp-json\/wp\/v2\/film"}],"about":[{"href":"https:\/\/cheries-cheris.com\/festival\/wp-json\/wp\/v2\/types\/film"}],"wp:featuredmedia":[{"embeddable":true,"href":"https:\/\/cheries-cheris.com\/festival\/wp-json\/wp\/v2\/media\/5754"}],"wp:attachment":[{"href":"https:\/\/cheries-cheris.com\/festival\/wp-json\/wp\/v2\/media?parent=5587"}],"wp:term":[{"taxonomy":"film-type","embeddable":true,"href":"https:\/\/cheries-cheris.com\/festival\/wp-json\/wp\/v2\/film-type?post=5587"},{"taxonomy":"film-tag","embeddable":true,"href":"https:\/\/cheries-cheris.com\/festival\/wp-json\/wp\/v2\/film-tag?post=5587"}],"curies":[{"name":"wp","href":"https:\/\/api.w.org\/{rel}","templated":true}]}}

LA PHOTO RETROUVÉE

<p>« <em>Dans mon enfance, j’ai vécu des évènements traumatisants, subi des actes de maltraitance, qui ont impacté mon être à jamais. J’ai passé ma vie à ressasser ces instants</em><em>, à tenter d’en comprendre le sens, dans le but de rester vivant. J’arrive aujourd’hui à déchiffrer cette histoire et à désirer la raconter. Mais je n’ai quasiment pas d’image de mon enfance, ni de ma famille. Alors je décide d’emprunter celles des autres…</em> » &#8211; Pierre Primetens.</p>
<p>C’est ainsi que débute la quête de Pierre P., réalisateur franco-portugais connu pour ses films autobiographiques : une mémoire partielle, une envie de connaître, de découvrir et enfin une volonté de mettre des images sur des souvenirs volés… Cette absence d’images, cette carence, sont les moteurs même de son film : pour raconter son histoire, il va emprunter les images des autres. <i>La photo retrouvée</i> raconte une poignée de destins violents, intrinsèquement liés les uns aux autres, par des mariages et des liens du sang, mais aussi la lutte pour l’intégrité de l’identité sexuelle.</p>
<p><strong>Séances en présence de Pierre Primetens </strong></p>
<p>&nbsp;</p>
<p>&nbsp;</p>

<p>« Dans mon enfance, j’ai vécu des évènements traumatisants, subi des actes de maltraitance, qui ont impacté mon être à jamais. J’ai passé ma vie à ressasser ces instants, à tenter d’en comprendre le sens, dans le but de rester vivant. J’arrive aujourd’hui à déchiffrer cette histoire et à désirer la raconter. Mais je n’ai quasiment [&hellip;]</p>
