{"id":4700,"date":"2023-10-30T16:40:50","date_gmt":"2023-10-30T15:40:50","guid":{"rendered":"https:\/\/cheries-cheris.com\/festival\/?post_type=film&#038;p=4700"},"modified":"2023-10-30T16:40:50","modified_gmt":"2023-10-30T15:40:50","slug":"norwegian-dream","status":"publish","type":"film","link":"https:\/\/cheries-cheris.com\/festival\/films\/norwegian-dream\/","title":{"rendered":"NORWEGIAN DREAM"},"content":{"rendered":"<p>Robert, immigrant polonais de 19 ans, commence \u00e0 travailler dans une usine de poisson au large de la c\u00f4te du Tr\u00f8ndelag en Norv\u00e8ge. Le gar\u00e7on apprend la langue locale et r\u00eave de commencer une nouvelle vie. Dans l\u2019usine, il d\u00e9veloppe des sentiments pour un coll\u00e8gue du m\u00eame \u00e2ge, Ivar, mais ne voulant pas perdre sa position au sein du groupe de Polonais, il dissimule cette relation \u00e0 ses amis. Lorsqu&rsquo;une gr\u00e8ve \u00e9clate, il est confront\u00e9 \u00e0 un conflit de loyaut\u00e9 entre l\u2019homme qu\u2019il aime et l\u2019attachement \u00e0 sa communaut\u00e9.<\/p>\n<p>&nbsp;<\/p>\n<p>Documentariste renomm\u00e9, le Polonais Leiv Igor Devold passe brillamment \u00e0 la fiction avec <em>Norwegian Dream<\/em>, une romance prenant pour cadre les beaux paysages de la c\u00f4te norv\u00e9gienne et dans laquelle il met beaucoup de son v\u00e9cu. \u00c0 travers le portrait de Robert, jeune immigrant polonais vivant un amour foudroyant, ce film touchant oppose avec finesse c\u0153ur et raison, pression communautaire et libert\u00e9s individuelles. Loin des st\u00e9r\u00e9otypes, servie par un beau duo d\u2019acteurs, une \u0153uvre sinc\u00e8re et courageuse qui parle d\u2019intimit\u00e9 et d\u2019affirmation de soi au-del\u00e0 des pr\u00e9tendues normes.<\/p>\n","protected":false},"excerpt":{"rendered":"<p>Robert, immigrant polonais de 19 ans, commence \u00e0 travailler dans une usine de poisson au large de la c\u00f4te du Tr\u00f8ndelag en Norv\u00e8ge. Le gar\u00e7on apprend la langue locale et r\u00eave de commencer une nouvelle vie. Dans l\u2019usine, il d\u00e9veloppe des sentiments pour un coll\u00e8gue du m\u00eame \u00e2ge, Ivar, mais ne voulant pas perdre sa [&hellip;]<\/p>\n","protected":false},"featured_media":4743,"template":"","meta":[],"film-type":[20],"film-tag":[81],"class_list":["post-4700","film","type-film","status-publish","has-post-thumbnail","hentry","film-type-panorama-fictions","film-tag-81"],"_links":{"self":[{"href":"https:\/\/cheries-cheris.com\/festival\/wp-json\/wp\/v2\/film\/4700","targetHints":{"allow":["GET"]}}],"collection":[{"href":"https:\/\/cheries-cheris.com\/festival\/wp-json\/wp\/v2\/film"}],"about":[{"href":"https:\/\/cheries-cheris.com\/festival\/wp-json\/wp\/v2\/types\/film"}],"wp:featuredmedia":[{"embeddable":true,"href":"https:\/\/cheries-cheris.com\/festival\/wp-json\/wp\/v2\/media\/4743"}],"wp:attachment":[{"href":"https:\/\/cheries-cheris.com\/festival\/wp-json\/wp\/v2\/media?parent=4700"}],"wp:term":[{"taxonomy":"film-type","embeddable":true,"href":"https:\/\/cheries-cheris.com\/festival\/wp-json\/wp\/v2\/film-type?post=4700"},{"taxonomy":"film-tag","embeddable":true,"href":"https:\/\/cheries-cheris.com\/festival\/wp-json\/wp\/v2\/film-tag?post=4700"}],"curies":[{"name":"wp","href":"https:\/\/api.w.org\/{rel}","templated":true}]}}

<p>Robert, immigrant polonais de 19 ans, commence à travailler dans une usine de poisson au large de la côte du Trøndelag en Norvège. Le garçon apprend la langue locale et rêve de commencer une nouvelle vie. Dans l’usine, il développe des sentiments pour un collègue du même âge, Ivar, mais ne voulant pas perdre sa position au sein du groupe de Polonais, il dissimule cette relation à ses amis. Lorsqu&rsquo;une grève éclate, il est confronté à un conflit de loyauté entre l’homme qu’il aime et l’attachement à sa communauté.</p>
<p>&nbsp;</p>
<p>Documentariste renommé, le Polonais Leiv Igor Devold passe brillamment à la fiction avec <em>Norwegian Dream</em>, une romance prenant pour cadre les beaux paysages de la côte norvégienne et dans laquelle il met beaucoup de son vécu. À travers le portrait de Robert, jeune immigrant polonais vivant un amour foudroyant, ce film touchant oppose avec finesse cœur et raison, pression communautaire et libertés individuelles. Loin des stéréotypes, servie par un beau duo d’acteurs, une œuvre sincère et courageuse qui parle d’intimité et d’affirmation de soi au-delà des prétendues normes.</p>

<p>Robert, immigrant polonais de 19 ans, commence à travailler dans une usine de poisson au large de la côte du Trøndelag en Norvège. Le garçon apprend la langue locale et rêve de commencer une nouvelle vie. Dans l’usine, il développe des sentiments pour un collègue du même âge, Ivar, mais ne voulant pas perdre sa [&hellip;]</p>
