{"id":4698,"date":"2023-10-30T16:39:31","date_gmt":"2023-10-30T15:39:31","guid":{"rendered":"https:\/\/cheries-cheris.com\/festival\/?post_type=film&#038;p=4698"},"modified":"2023-10-30T16:39:31","modified_gmt":"2023-10-30T15:39:31","slug":"liuben","status":"publish","type":"film","link":"https:\/\/cheries-cheris.com\/festival\/films\/liuben\/","title":{"rendered":"LIUBEN"},"content":{"rendered":"<p>Menant une belle vie \u00e0 Madrid avec son compagnon Jose, Victor, 27 ans, doit retourner dans sa maison d&rsquo;enfance en Bulgarie pour les fun\u00e9railles de son grand-p\u00e8re. Tout en renouant avec son p\u00e8re et le mode de vie du village, il fait la connaissance de Liuben, un adolescent rom orphelin qui gagne sa vie, entre autres, en vendant des fruits au bord d&rsquo;un foss\u00e9. Malgr\u00e9 leurs diff\u00e9rences et les conflits qui les entourent, Victor et Liuben trouvent refuge l&rsquo;un dans l&rsquo;autre.<\/p>\n<p>&nbsp;<\/p>\n<p>Avec <em>Liuben<\/em>, son premier long m\u00e9trage, l\u2019Espagnol Venci Kostov revient dans sa r\u00e9gion natale de la Bulgarie profonde pour raconter une romance estivale inattendue entre deux gar\u00e7ons issus de mondes tr\u00e8s diff\u00e9rents. En prenant pour cadre un village de montagne o\u00f9 les pr\u00e9jug\u00e9s ont la peau dure, le r\u00e9alisateur tisse un r\u00e9cit aussi touchant que po\u00e9tique sur l\u2019importance d\u2019affirmer ses d\u00e9sirs et sa libert\u00e9. Interpr\u00e9t\u00e9 avec beaucoup d\u2019authenticit\u00e9, b\u00e9n\u00e9ficiant d\u2019une photographie soign\u00e9e, ce film plein d\u2019\u00e9nergie rend un bel hommage au courage des personnes LGBT\u00a0&amp; rom vivant en Bulgarie.<\/p>\n","protected":false},"excerpt":{"rendered":"<p>Menant une belle vie \u00e0 Madrid avec son compagnon Jose, Victor, 27 ans, doit retourner dans sa maison d&rsquo;enfance en Bulgarie pour les fun\u00e9railles de son grand-p\u00e8re. Tout en renouant avec son p\u00e8re et le mode de vie du village, il fait la connaissance de Liuben, un adolescent rom orphelin qui gagne sa vie, entre [&hellip;]<\/p>\n","protected":false},"featured_media":4745,"template":"","meta":[],"film-type":[20],"film-tag":[81],"class_list":["post-4698","film","type-film","status-publish","has-post-thumbnail","hentry","film-type-panorama-fictions","film-tag-81"],"_links":{"self":[{"href":"https:\/\/cheries-cheris.com\/festival\/wp-json\/wp\/v2\/film\/4698","targetHints":{"allow":["GET"]}}],"collection":[{"href":"https:\/\/cheries-cheris.com\/festival\/wp-json\/wp\/v2\/film"}],"about":[{"href":"https:\/\/cheries-cheris.com\/festival\/wp-json\/wp\/v2\/types\/film"}],"wp:featuredmedia":[{"embeddable":true,"href":"https:\/\/cheries-cheris.com\/festival\/wp-json\/wp\/v2\/media\/4745"}],"wp:attachment":[{"href":"https:\/\/cheries-cheris.com\/festival\/wp-json\/wp\/v2\/media?parent=4698"}],"wp:term":[{"taxonomy":"film-type","embeddable":true,"href":"https:\/\/cheries-cheris.com\/festival\/wp-json\/wp\/v2\/film-type?post=4698"},{"taxonomy":"film-tag","embeddable":true,"href":"https:\/\/cheries-cheris.com\/festival\/wp-json\/wp\/v2\/film-tag?post=4698"}],"curies":[{"name":"wp","href":"https:\/\/api.w.org\/{rel}","templated":true}]}}

<p>Menant une belle vie à Madrid avec son compagnon Jose, Victor, 27 ans, doit retourner dans sa maison d&rsquo;enfance en Bulgarie pour les funérailles de son grand-père. Tout en renouant avec son père et le mode de vie du village, il fait la connaissance de Liuben, un adolescent rom orphelin qui gagne sa vie, entre autres, en vendant des fruits au bord d&rsquo;un fossé. Malgré leurs différences et les conflits qui les entourent, Victor et Liuben trouvent refuge l&rsquo;un dans l&rsquo;autre.</p>
<p>&nbsp;</p>
<p>Avec <em>Liuben</em>, son premier long métrage, l’Espagnol Venci Kostov revient dans sa région natale de la Bulgarie profonde pour raconter une romance estivale inattendue entre deux garçons issus de mondes très différents. En prenant pour cadre un village de montagne où les préjugés ont la peau dure, le réalisateur tisse un récit aussi touchant que poétique sur l’importance d’affirmer ses désirs et sa liberté. Interprété avec beaucoup d’authenticité, bénéficiant d’une photographie soignée, ce film plein d’énergie rend un bel hommage au courage des personnes LGBT &amp; rom vivant en Bulgarie.</p>

<p>Menant une belle vie à Madrid avec son compagnon Jose, Victor, 27 ans, doit retourner dans sa maison d&rsquo;enfance en Bulgarie pour les funérailles de son grand-père. Tout en renouant avec son père et le mode de vie du village, il fait la connaissance de Liuben, un adolescent rom orphelin qui gagne sa vie, entre [&hellip;]</p>
