{"id":4689,"date":"2023-10-30T16:19:57","date_gmt":"2023-10-30T15:19:57","guid":{"rendered":"https:\/\/cheries-cheris.com\/festival\/?post_type=film&#038;p=4689"},"modified":"2023-10-30T16:19:57","modified_gmt":"2023-10-30T15:19:57","slug":"et-dans-le-flux-tu-le-perdras","status":"publish","type":"film","link":"https:\/\/cheries-cheris.com\/festival\/films\/et-dans-le-flux-tu-le-perdras\/","title":{"rendered":"ET DANS LE FLUX, TU LE PERDRAS"},"content":{"rendered":"<p>L\u00e9o est lass\u00e9 des reproches de Kaspar qui le pousse \u00e0 rejoindre les r\u00e9seaux sociaux pour rendre publique leur histoire d&rsquo;amour. Leur rupture acte le d\u00e9part de L\u00e9o pour Berlin, une ville dans laquelle il esp\u00e8re rena\u00eetre au contact d&rsquo;un milieu alternatif. Mais la ville gagn\u00e9e par la sp\u00e9culation immobili\u00e8re, rejette L\u00e9o dans la marge.\u00a0Des ann\u00e9es apr\u00e8s, la fille biologique de Kaspar \u00e9lev\u00e9e par un couple de femmes, \u00e9voque cette histoire d\u2019amour sur une sc\u00e8ne de th\u00e9\u00e2tre.<\/p>\n<p>&nbsp;<\/p>\n<p>Apr\u00e8s <em>Aujourd\u2019hui rien<\/em> (2017), Christophe Pellet fait son retour \u00e0 Ch\u00e9ries-Ch\u00e9ris avec <em>Et dans le flux<\/em><em>,<\/em><em> tu le perdras<\/em>, une \u0153uvre atypique au croisement entre la fiction, le documentaire et le th\u00e9\u00e2tre. Produite par Sedna films en coproduction avec le th\u00e9\u00e2tre des Amandiers Nanterre et le Fresnoy, cette fable aussi po\u00e9tique que stylis\u00e9e aborde\u00a0les th\u00e8mes du couple, de l&rsquo;amour, de notre relation au monde ainsi que les questions de la coparentalit\u00e9.<\/p>\n<p>&nbsp;<\/p>\n<p>S\u00e9ance du 26 nov. en pr\u00e9sence de l\u2019\u00e9quipe du film<\/p>\n","protected":false},"excerpt":{"rendered":"<p>L\u00e9o est lass\u00e9 des reproches de Kaspar qui le pousse \u00e0 rejoindre les r\u00e9seaux sociaux pour rendre publique leur histoire d&rsquo;amour. Leur rupture acte le d\u00e9part de L\u00e9o pour Berlin, une ville dans laquelle il esp\u00e8re rena\u00eetre au contact d&rsquo;un milieu alternatif. Mais la ville gagn\u00e9e par la sp\u00e9culation immobili\u00e8re, rejette L\u00e9o dans la marge.\u00a0Des [&hellip;]<\/p>\n","protected":false},"featured_media":4754,"template":"","meta":[],"film-type":[20],"film-tag":[81],"class_list":["post-4689","film","type-film","status-publish","has-post-thumbnail","hentry","film-type-panorama-fictions","film-tag-81"],"_links":{"self":[{"href":"https:\/\/cheries-cheris.com\/festival\/wp-json\/wp\/v2\/film\/4689","targetHints":{"allow":["GET"]}}],"collection":[{"href":"https:\/\/cheries-cheris.com\/festival\/wp-json\/wp\/v2\/film"}],"about":[{"href":"https:\/\/cheries-cheris.com\/festival\/wp-json\/wp\/v2\/types\/film"}],"wp:featuredmedia":[{"embeddable":true,"href":"https:\/\/cheries-cheris.com\/festival\/wp-json\/wp\/v2\/media\/4754"}],"wp:attachment":[{"href":"https:\/\/cheries-cheris.com\/festival\/wp-json\/wp\/v2\/media?parent=4689"}],"wp:term":[{"taxonomy":"film-type","embeddable":true,"href":"https:\/\/cheries-cheris.com\/festival\/wp-json\/wp\/v2\/film-type?post=4689"},{"taxonomy":"film-tag","embeddable":true,"href":"https:\/\/cheries-cheris.com\/festival\/wp-json\/wp\/v2\/film-tag?post=4689"}],"curies":[{"name":"wp","href":"https:\/\/api.w.org\/{rel}","templated":true}]}}

<p>Léo est lassé des reproches de Kaspar qui le pousse à rejoindre les réseaux sociaux pour rendre publique leur histoire d&rsquo;amour. Leur rupture acte le départ de Léo pour Berlin, une ville dans laquelle il espère renaître au contact d&rsquo;un milieu alternatif. Mais la ville gagnée par la spéculation immobilière, rejette Léo dans la marge. Des années après, la fille biologique de Kaspar élevée par un couple de femmes, évoque cette histoire d’amour sur une scène de théâtre.</p>
<p>&nbsp;</p>
<p>Après <em>Aujourd’hui rien</em> (2017), Christophe Pellet fait son retour à Chéries-Chéris avec <em>Et dans le flux</em><em>,</em><em> tu le perdras</em>, une œuvre atypique au croisement entre la fiction, le documentaire et le théâtre. Produite par Sedna films en coproduction avec le théâtre des Amandiers Nanterre et le Fresnoy, cette fable aussi poétique que stylisée aborde les thèmes du couple, de l&rsquo;amour, de notre relation au monde ainsi que les questions de la coparentalité.</p>
<p>&nbsp;</p>
<p>Séance du 26 nov. en présence de l’équipe du film</p>

<p>Léo est lassé des reproches de Kaspar qui le pousse à rejoindre les réseaux sociaux pour rendre publique leur histoire d&rsquo;amour. Leur rupture acte le départ de Léo pour Berlin, une ville dans laquelle il espère renaître au contact d&rsquo;un milieu alternatif. Mais la ville gagnée par la spéculation immobilière, rejette Léo dans la marge. Des [&hellip;]</p>
