{"id":4662,"date":"2023-10-27T10:04:20","date_gmt":"2023-10-27T08:04:20","guid":{"rendered":"https:\/\/cheries-cheris.com\/festival\/?post_type=film&#038;p=4662"},"modified":"2023-11-06T11:24:50","modified_gmt":"2023-11-06T10:24:50","slug":"un-autre-regard-egymasra-nezve","status":"publish","type":"film","link":"https:\/\/cheries-cheris.com\/festival\/films\/un-autre-regard-egymasra-nezve\/","title":{"rendered":"UN AUTRE REGARD (EGYMASRA NEZVE)"},"content":{"rendered":"<p>Apr\u00e8s la r\u00e9volution de 1956, la population hongroise vit sous le joug du totalitarisme communiste. Eva, journaliste militante lesbienne, reprend son travail de reporter au sein d\u2019un journal de Budapest. L\u00e0, elle rencontre Livia, la femme d\u2019un officier. L\u2019attirance entre Eva et Livia grandit et toutes les deux s\u2019engagent dans une liaison amoureuse qui d\u00e9fie le pouvoir politique en place et les pressions sociales.<\/p>\n<p>&nbsp;<\/p>\n<p>Malgr\u00e9 la froideur mena\u00e7ante d\u2019une guerre qui oppose deux blocs id\u00e9ologiques, une chaleur \u00e9trange inspire \u00e0 deux femmes les sentiments les plus profonds. Prises dans un tourbillon r\u00e9pressif m\u00eal\u00e9 au rejet social, chacune n\u00e9gocie cette intimit\u00e9 condamn\u00e9e \u00e0 travers un engagement \u00e9thique plus ou moins affirm\u00e9. Adapt\u00e9 d\u2019un roman d\u2019Erzs\u00e9bet\u00a0Galg\u00f3czi, <em>Un autre regard<\/em> conte avec sensibilit\u00e9 cette histoire d\u2019amour lesbien sous un r\u00e9gime communiste, d\u00e9pla\u00e7ant le fardeau du st\u00e9r\u00e9otype par une rage du regard.\u00a0Outre le Prix de la critique internationale, Jadwiga\u00a0Jankowska-Cieslak re\u00e7ut le Prix d\u2019interpr\u00e9tation f\u00e9minine pour le r\u00f4le d\u2019\u00c9va au Festival de Cannes en 1982.<\/p>\n<p>&nbsp;<\/p>\n<p><img loading=\"lazy\" decoding=\"async\" class=\"size-full wp-image-5338 alignright\" src=\"https:\/\/cheries-cheris.com\/festival\/wp-content\/uploads\/2023\/11\/Logo-7e-Genre-e1699266084622.jpeg\" alt=\"\" width=\"120\" height=\"94\" \/>S\u00e9ance suivie d\u2019une rencontre avec Mathieu Lericq, docteur en \u00e9tudes cin\u00e9matographiques, et Anne Delabre, journaliste, autrice et programmatrice du cin\u00e9-club Le 7e genre<\/p>\n","protected":false},"excerpt":{"rendered":"<p>Apr\u00e8s la r\u00e9volution de 1956, la population hongroise vit sous le joug du totalitarisme communiste. Eva, journaliste militante lesbienne, reprend son travail de reporter au sein d\u2019un journal de Budapest. L\u00e0, elle rencontre Livia, la femme d\u2019un officier. L\u2019attirance entre Eva et Livia grandit et toutes les deux s\u2019engagent dans une liaison amoureuse qui d\u00e9fie [&hellip;]<\/p>\n","protected":false},"featured_media":4668,"template":"","meta":[],"film-type":[35,22],"film-tag":[81],"class_list":["post-4662","film","type-film","status-publish","has-post-thumbnail","hentry","film-type-patrimoine","film-type-seances-speciales","film-tag-81"],"_links":{"self":[{"href":"https:\/\/cheries-cheris.com\/festival\/wp-json\/wp\/v2\/film\/4662","targetHints":{"allow":["GET"]}}],"collection":[{"href":"https:\/\/cheries-cheris.com\/festival\/wp-json\/wp\/v2\/film"}],"about":[{"href":"https:\/\/cheries-cheris.com\/festival\/wp-json\/wp\/v2\/types\/film"}],"wp:featuredmedia":[{"embeddable":true,"href":"https:\/\/cheries-cheris.com\/festival\/wp-json\/wp\/v2\/media\/4668"}],"wp:attachment":[{"href":"https:\/\/cheries-cheris.com\/festival\/wp-json\/wp\/v2\/media?parent=4662"}],"wp:term":[{"taxonomy":"film-type","embeddable":true,"href":"https:\/\/cheries-cheris.com\/festival\/wp-json\/wp\/v2\/film-type?post=4662"},{"taxonomy":"film-tag","embeddable":true,"href":"https:\/\/cheries-cheris.com\/festival\/wp-json\/wp\/v2\/film-tag?post=4662"}],"curies":[{"name":"wp","href":"https:\/\/api.w.org\/{rel}","templated":true}]}}

<p>Après la révolution de 1956, la population hongroise vit sous le joug du totalitarisme communiste. Eva, journaliste militante lesbienne, reprend son travail de reporter au sein d’un journal de Budapest. Là, elle rencontre Livia, la femme d’un officier. L’attirance entre Eva et Livia grandit et toutes les deux s’engagent dans une liaison amoureuse qui défie le pouvoir politique en place et les pressions sociales.</p>
<p>&nbsp;</p>
<p>Malgré la froideur menaçante d’une guerre qui oppose deux blocs idéologiques, une chaleur étrange inspire à deux femmes les sentiments les plus profonds. Prises dans un tourbillon répressif mêlé au rejet social, chacune négocie cette intimité condamnée à travers un engagement éthique plus ou moins affirmé. Adapté d’un roman d’Erzsébet Galgóczi, <em>Un autre regard</em> conte avec sensibilité cette histoire d’amour lesbien sous un régime communiste, déplaçant le fardeau du stéréotype par une rage du regard. Outre le Prix de la critique internationale, Jadwiga Jankowska-Cieslak reçut le Prix d’interprétation féminine pour le rôle d’Éva au Festival de Cannes en 1982.</p>
<p>&nbsp;</p>
<p><img loading="lazy" decoding="async" class="size-full wp-image-5338 alignright" src="https://cheries-cheris.com/festival/wp-content/uploads/2023/11/Logo-7e-Genre-e1699266084622.jpeg" alt="" width="120" height="94" />Séance suivie d’une rencontre avec Mathieu Lericq, docteur en études cinématographiques, et Anne Delabre, journaliste, autrice et programmatrice du ciné-club Le 7e genre</p>

<p>Après la révolution de 1956, la population hongroise vit sous le joug du totalitarisme communiste. Eva, journaliste militante lesbienne, reprend son travail de reporter au sein d’un journal de Budapest. Là, elle rencontre Livia, la femme d’un officier. L’attirance entre Eva et Livia grandit et toutes les deux s’engagent dans une liaison amoureuse qui défie [&hellip;]</p>
