{"id":4035,"date":"2022-11-03T18:40:14","date_gmt":"2022-11-03T17:40:14","guid":{"rendered":"https:\/\/cheries-cheris.com\/festival\/?post_type=film&#038;p=4035"},"modified":"2022-11-04T09:58:15","modified_gmt":"2022-11-04T08:58:15","slug":"mon-vide-et-moi","status":"publish","type":"film","link":"https:\/\/cheries-cheris.com\/festival\/films\/mon-vide-et-moi\/","title":{"rendered":"MON VIDE ET MOI"},"content":{"rendered":"<p>Raphi, une jeune femme trans,\u00a0r\u00eave de tomber amoureuse, de se marier et de fonder une grande famille. Cependant, elle a toujours ressenti un grand vide qui l&rsquo;accompagne en permanence. Le film la suit dans son parcours vers l\u2019\u00e9panouissement.<\/p>\n<p>Dans la droite lign\u00e9e de son documentaire <em>Sedimentos<\/em><em>, <\/em>pr\u00e9sent\u00e9 au 27e <em>Ch\u00e9ries-Ch\u00e9ris<\/em>, Adri\u00e1n Silvestre s\u2019immerge dans la communaut\u00e9 trans, mais cette fois \u00e0 Barcelone, sous l&rsquo;angle de la fiction et autour d&rsquo;une seule h\u00e9ro\u00efne\u00a0: Raphi, une jeune fran\u00e7aise saisie \u00e0 travers sa qu\u00eate identitaire et ses diverses exp\u00e9riences amicales, amoureuses &amp; sexuelles. Malgr\u00e9 tous les conseils qu&rsquo;elle re\u00e7oit, ce sont surtout le temps et son propre cheminement personnel qui l&rsquo;aideront \u00e0 embrasser sa place dans ce monde\u2026 Co\u00e9crit par l\u2019actrice principale en \u00e9troite collaboration avec des groupes de parole de femmes trans, le sc\u00e9nario examine finement les doutes travers\u00e9s, la pression sociale subie, la p\u00e9nible injonction \u00e0 entrer dans une case pr\u00e9cise et tout ce que des personnes cis peuvent renvoyer. Aux antipodes des st\u00e9r\u00e9otypes, un r\u00e9cit d\u2019\u00e9mancipation plein d\u2019authenticit\u00e9, de verve et de fraicheur.<\/p>\n","protected":false},"excerpt":{"rendered":"<p>Raphi, une jeune femme trans,\u00a0r\u00eave de tomber amoureuse, de se marier et de fonder une grande famille. Cependant, elle a toujours ressenti un grand vide qui l&rsquo;accompagne en permanence. Le film la suit dans son parcours vers l\u2019\u00e9panouissement. Dans la droite lign\u00e9e de son documentaire Sedimentos, pr\u00e9sent\u00e9 au 27e Ch\u00e9ries-Ch\u00e9ris, Adri\u00e1n Silvestre s\u2019immerge dans la [&hellip;]<\/p>\n","protected":false},"featured_media":4036,"template":"","meta":[],"film-type":[20],"film-tag":[75],"class_list":["post-4035","film","type-film","status-publish","has-post-thumbnail","hentry","film-type-panorama-fictions","film-tag-75"],"_links":{"self":[{"href":"https:\/\/cheries-cheris.com\/festival\/wp-json\/wp\/v2\/film\/4035","targetHints":{"allow":["GET"]}}],"collection":[{"href":"https:\/\/cheries-cheris.com\/festival\/wp-json\/wp\/v2\/film"}],"about":[{"href":"https:\/\/cheries-cheris.com\/festival\/wp-json\/wp\/v2\/types\/film"}],"wp:featuredmedia":[{"embeddable":true,"href":"https:\/\/cheries-cheris.com\/festival\/wp-json\/wp\/v2\/media\/4036"}],"wp:attachment":[{"href":"https:\/\/cheries-cheris.com\/festival\/wp-json\/wp\/v2\/media?parent=4035"}],"wp:term":[{"taxonomy":"film-type","embeddable":true,"href":"https:\/\/cheries-cheris.com\/festival\/wp-json\/wp\/v2\/film-type?post=4035"},{"taxonomy":"film-tag","embeddable":true,"href":"https:\/\/cheries-cheris.com\/festival\/wp-json\/wp\/v2\/film-tag?post=4035"}],"curies":[{"name":"wp","href":"https:\/\/api.w.org\/{rel}","templated":true}]}}

<p>Raphi, une jeune femme trans, rêve de tomber amoureuse, de se marier et de fonder une grande famille. Cependant, elle a toujours ressenti un grand vide qui l&rsquo;accompagne en permanence. Le film la suit dans son parcours vers l’épanouissement.</p>
<p>Dans la droite lignée de son documentaire <em>Sedimentos</em><em>, </em>présenté au 27e <em>Chéries-Chéris</em>, Adrián Silvestre s’immerge dans la communauté trans, mais cette fois à Barcelone, sous l&rsquo;angle de la fiction et autour d&rsquo;une seule héroïne : Raphi, une jeune française saisie à travers sa quête identitaire et ses diverses expériences amicales, amoureuses &amp; sexuelles. Malgré tous les conseils qu&rsquo;elle reçoit, ce sont surtout le temps et son propre cheminement personnel qui l&rsquo;aideront à embrasser sa place dans ce monde… Coécrit par l’actrice principale en étroite collaboration avec des groupes de parole de femmes trans, le scénario examine finement les doutes traversés, la pression sociale subie, la pénible injonction à entrer dans une case précise et tout ce que des personnes cis peuvent renvoyer. Aux antipodes des stéréotypes, un récit d’émancipation plein d’authenticité, de verve et de fraicheur.</p>

<p>Raphi, une jeune femme trans, rêve de tomber amoureuse, de se marier et de fonder une grande famille. Cependant, elle a toujours ressenti un grand vide qui l&rsquo;accompagne en permanence. Le film la suit dans son parcours vers l’épanouissement. Dans la droite lignée de son documentaire Sedimentos, présenté au 27e Chéries-Chéris, Adrián Silvestre s’immerge dans la [&hellip;]</p>
