{"id":3929,"date":"2022-11-02T14:05:36","date_gmt":"2022-11-02T13:05:36","guid":{"rendered":"https:\/\/cheries-cheris.com\/festival\/?post_type=film&#038;p=3929"},"modified":"2022-11-04T11:47:38","modified_gmt":"2022-11-04T10:47:38","slug":"nun-of-your-business","status":"publish","type":"film","link":"https:\/\/cheries-cheris.com\/festival\/films\/nun-of-your-business\/","title":{"rendered":"Nun of your business"},"content":{"rendered":"<p><a href=\"https:\/\/cheries-cheris.com\/festival\/28eme-festival-du-film-lgbtq-de-paris-du-19-au-29-novembre-2022\/editos-et-jurys\/le-prix-libertes-cheries\/\"><img loading=\"lazy\" decoding=\"async\" class=\"size-full wp-image-4060 alignright\" src=\"https:\/\/cheries-cheris.com\/festival\/wp-content\/uploads\/2022\/11\/logo-libertes_cheries-bleu.png\" alt=\"logo du prix Libert\u00e9s Ch\u00e9ries\" width=\"100\" height=\"100\" \/><\/a><\/p>\n<p>Marita avait dix-huit ans en entrant au couvent sur son \u00eele natale de Korcula, dans le sud de la Croatie. Inspir\u00e9e par son d\u00e9sir d\u2019aider les autres, elle est all\u00e9e contre les souhaits de sa famille qui voulait qu\u2019elle ait une vie \u201cnormale\u201d. C\u2019est au couvent qu\u2019elle a pris conscience de son homosexualit\u00e9 et a eu sa premi\u00e8re relation avec une femme. Elle y rencontre aussi Fani, dont elle tombe follement amoureuse\u2026<\/p>\n<p><em>Nun Of <\/em><em>Your<\/em><em> Business<\/em>\u00a0raconte la vie de deux femmes \u00e0 la trajectoire hors norme\u00a0: leur enfance dans des coins recul\u00e9s de la Croatie, leur d\u00e9cision d\u2019entrer dans les ordres, leur rencontre lors d\u2019un rassemblement catholique et enfin leur relation, qui dure depuis plus de dix ans. Ivana Marini\u0107\u00a0Kragi\u0107\u00a0a mis sept ans pour tourner son film. Il lui a fallu gagner la confiance des deux jeunes femmes et que celles-ci se sentent \u00e0 l\u2019aise dans leur nouvelle vie civile. V\u00e9ritable film d\u2019art, rappelant <em>La Jet\u00e9e<\/em> de Chris Marker pour sa mise en sc\u00e8ne emprunt\u00e9e au photo-roman, ce documentaire exceptionnel collectionne depuis plusieurs mois les prix en festivals.<\/p>\n","protected":false},"excerpt":{"rendered":"<p>Marita avait dix-huit ans en entrant au couvent sur son \u00eele natale de Korcula, dans le sud de la Croatie. Inspir\u00e9e par son d\u00e9sir d\u2019aider les autres, elle est all\u00e9e contre les souhaits de sa famille qui voulait qu\u2019elle ait une vie \u201cnormale\u201d. C\u2019est au couvent qu\u2019elle a pris conscience de son homosexualit\u00e9 et a [&hellip;]<\/p>\n","protected":false},"featured_media":3944,"template":"","meta":[],"film-type":[13],"film-tag":[75],"class_list":["post-3929","film","type-film","status-publish","has-post-thumbnail","hentry","film-type-competition-documentaires","film-tag-75"],"_links":{"self":[{"href":"https:\/\/cheries-cheris.com\/festival\/wp-json\/wp\/v2\/film\/3929","targetHints":{"allow":["GET"]}}],"collection":[{"href":"https:\/\/cheries-cheris.com\/festival\/wp-json\/wp\/v2\/film"}],"about":[{"href":"https:\/\/cheries-cheris.com\/festival\/wp-json\/wp\/v2\/types\/film"}],"wp:featuredmedia":[{"embeddable":true,"href":"https:\/\/cheries-cheris.com\/festival\/wp-json\/wp\/v2\/media\/3944"}],"wp:attachment":[{"href":"https:\/\/cheries-cheris.com\/festival\/wp-json\/wp\/v2\/media?parent=3929"}],"wp:term":[{"taxonomy":"film-type","embeddable":true,"href":"https:\/\/cheries-cheris.com\/festival\/wp-json\/wp\/v2\/film-type?post=3929"},{"taxonomy":"film-tag","embeddable":true,"href":"https:\/\/cheries-cheris.com\/festival\/wp-json\/wp\/v2\/film-tag?post=3929"}],"curies":[{"name":"wp","href":"https:\/\/api.w.org\/{rel}","templated":true}]}}

<p><a href="https://cheries-cheris.com/festival/28eme-festival-du-film-lgbtq-de-paris-du-19-au-29-novembre-2022/editos-et-jurys/le-prix-libertes-cheries/"><img loading="lazy" decoding="async" class="size-full wp-image-4060 alignright" src="https://cheries-cheris.com/festival/wp-content/uploads/2022/11/logo-libertes_cheries-bleu.png" alt="logo du prix Libertés Chéries" width="100" height="100" /></a></p>
<p>Marita avait dix-huit ans en entrant au couvent sur son île natale de Korcula, dans le sud de la Croatie. Inspirée par son désir d’aider les autres, elle est allée contre les souhaits de sa famille qui voulait qu’elle ait une vie “normale”. C’est au couvent qu’elle a pris conscience de son homosexualité et a eu sa première relation avec une femme. Elle y rencontre aussi Fani, dont elle tombe follement amoureuse…</p>
<p><em>Nun Of </em><em>Your</em><em> Business</em> raconte la vie de deux femmes à la trajectoire hors norme : leur enfance dans des coins reculés de la Croatie, leur décision d’entrer dans les ordres, leur rencontre lors d’un rassemblement catholique et enfin leur relation, qui dure depuis plus de dix ans. Ivana Marinić Kragić a mis sept ans pour tourner son film. Il lui a fallu gagner la confiance des deux jeunes femmes et que celles-ci se sentent à l’aise dans leur nouvelle vie civile. Véritable film d’art, rappelant <em>La Jetée</em> de Chris Marker pour sa mise en scène empruntée au photo-roman, ce documentaire exceptionnel collectionne depuis plusieurs mois les prix en festivals.</p>

<p>Marita avait dix-huit ans en entrant au couvent sur son île natale de Korcula, dans le sud de la Croatie. Inspirée par son désir d’aider les autres, elle est allée contre les souhaits de sa famille qui voulait qu’elle ait une vie “normale”. C’est au couvent qu’elle a pris conscience de son homosexualité et a [&hellip;]</p>
