{"id":3926,"date":"2022-11-01T21:37:18","date_gmt":"2022-11-01T20:37:18","guid":{"rendered":"https:\/\/cheries-cheris.com\/festival\/?post_type=film&#038;p=3926"},"modified":"2022-11-06T21:14:14","modified_gmt":"2022-11-06T20:14:14","slug":"la-ou-vivent-les-hommes-inconsoles","status":"publish","type":"film","link":"https:\/\/cheries-cheris.com\/festival\/films\/la-ou-vivent-les-hommes-inconsoles\/","title":{"rendered":"L\u00e0 o\u00f9 vivent les hommes inconsol\u00e9s"},"content":{"rendered":"<style type=\"text\/css\">@media only screen and (min-width: 1000px) and (max-width: 5000px){body.kc-css-system .kc-css-80453{width: 40%;}body.kc-css-system .kc-css-800631{width: 50%;}body.kc-css-system .kc-css-835348{width: 10%;}body.kc-css-system .kc-css-289658{width: 15%;}body.kc-css-system .kc-css-488525{width: 70%;}body.kc-css-system .kc-css-472545{width: 15%;}body.kc-css-system .kc-css-766013{width: 9.97%;}body.kc-css-system .kc-css-741433{width: 29.53%;}body.kc-css-system .kc-css-998121{width: 50.26%;}body.kc-css-system .kc-css-50513{width: 10.22%;}body.kc-css-system .kc-css-735195{width: 10.08%;}body.kc-css-system .kc-css-313140{width: 29.42%;}body.kc-css-system .kc-css-554615{width: 50.04%;}body.kc-css-system .kc-css-834584{width: 10.44%;}body.kc-css-system .kc-css-45954{width: 9.97%;}body.kc-css-system .kc-css-417542{width: 29.53%;}body.kc-css-system .kc-css-774867{width: 50.26%;}body.kc-css-system .kc-css-436568{width: 10.22%;}}body.kc-css-system .kc-css-342596{margin-top: 20px;}body.kc-css-system .kc-css-779976 ,body.kc-css-system .kc-css-779976 p{font-size: 1.25em;}body.kc-css-system .kc-css-323335{margin-top: 20px;}body.kc-css-system .kc-css-337202{margin-top: 20px;}body.kc-css-system .kc-css-495208{margin-top: 20px;}<\/style>\n<section class=\"kc-elm kc-css-742247 kc_row\">\n<div class=\"kc-row-container  kc-container\">\n<div class=\"kc-wrap-columns\">\n<div class=\"kc-elm kc-css-349295 kc_column kc_col-sm-12\">\n<div class=\"kc-col-container\">\n<div class=\"kc-elm kc-css-772694\" style=\"height: 40px; clear: both; width:100%;\"><\/div>\n<\/div>\n<\/div>\n<\/div>\n<\/div>\n<\/section>\n<section class=\"kc-elm kc-css-926154 kc_row\">\n<div class=\"kc-row-container  kc-container\">\n<div class=\"kc-wrap-columns\">\n<div class=\"kc-elm kc-css-80453 kc_col-sm-5 kc_column kc_col-sm-5\">\n<div class=\"kc-col-container\">\n<div class=\"kc-elm kc-css-878317 kc_shortcode kc_single_image\">\n<p>        <img decoding=\"async\" src=\"https:\/\/cheries-cheris.com\/festival\/wp-content\/uploads\/2022\/11\/la-ou-vivvent-les-hommes-inconsoles.jpg\" class=\"\" alt=\"image extraite du documentaire La o\u00f9 vivent les hommes inconsol\u00e9s\" \/>    <\/div>\n<\/div>\n<\/div>\n<div class=\"kc-elm kc-css-800631 kc_col-sm-6 kc_column kc_col-sm-6\">\n<div class=\"kc-col-container\">\n<div class=\"kc-elm kc-css-986312 kc_text_block\">\n<h2>L\u00c0 O\u00d9 VIVENT LES HOMMES INCONSOL\u00c9S<\/h2>\n<h5>Fran\u00e7ois Zabaleta<\/h5>\n<p>\u00ab Ce film est le portrait d\u2019un homme qui, comme on dit, n\u2019a pas eu de chance dans la vie. Un homme qui n\u2019a jamais eu d\u2019\u00e9toile, bonne ou mauvaise. Cet homme c\u2019\u00e9tait mon p\u00e8re. Ce qui m\u2019a int\u00e9ress\u00e9, ce qui a motiv\u00e9 mon envie de parler de lui, c\u2019est, paradoxalement, parce que je ne l\u2019ai pour ainsi dire pas connu. Parce que je sais peu de choses de l\u2019homme adulte qu\u2019il a \u00e9t\u00e9. Et aussi parce que ses proches, sa famille, ses amis ne connaissaient de lui que ce qu\u2019il en laissait para\u00eetre. Quand il est mort une apr\u00e8s-midi d\u2019ao\u00fbt 1975, il avait trente-sept ans et il commen\u00e7ait \u00e0 aller mieux. \u00c0 reprendre go\u00fbt \u00e0 la vie. Cet \u00e9t\u00e9-l\u00e0 nous devions le passer ensemble. Nous devions apprendre \u00e0 nous conna\u00eetre. Mais le hasard, la fatalit\u00e9 ou la providence en a d\u00e9cid\u00e9 autrement. Il p\u00eachait au bord d\u2019un \u00e9tang. Sa ligne a heurt\u00e9 une ligne \u00e0 haute tension. Il s\u2019appelait Michel. Ce film est son tombeau po\u00e9tique. \u00bb Fran\u00e7ois Zabaleta<\/p>\n<p><strong>France. 2022. 58\u2019<\/strong><\/p>\n<p>Documentaire. VF.<br \/>R\u00e9alisation, sc\u00e9nario, image, montage, production\u00a0: Fran\u00e7ois Zabaleta<br \/>Animation en 3D\u00a0: Steve Dent<br \/>Musique\u00a0: Johannes Brahms<\/p>\n<\/div>\n<\/div>\n<\/div>\n<div class=\"kc-elm kc-css-835348 kc_col-sm-1 kc_column kc_col-sm-1\">\n<div class=\"kc-col-container\"><\/div>\n<\/div>\n<\/div>\n<\/div>\n<\/section>\n<section class=\"kc-elm kc-css-801456 kc_row\">\n<div class=\"kc-row-container  kc-container\">\n<div class=\"kc-wrap-columns\">\n<div class=\"kc-elm kc-css-576343 kc_column kc_col-sm-12\">\n<div class=\"kc-col-container\">\n<div class=\"kc-elm kc-css-433850\" style=\"height: 40px; clear: both; width:100%;\"><\/div>\n<\/div>\n<\/div>\n<\/div>\n<\/div>\n<\/section>\n<section class=\"kc-elm kc-css-342596 kc_row\">\n<div class=\"kc-row-container  kc-container\">\n<div class=\"kc-wrap-columns\">\n<div class=\"kc-elm kc-css-289658 kc_col-sm-2 kc_column kc_col-sm-2\">\n<div class=\"kc-col-container\"><\/div>\n<\/div>\n<div class=\"kc-elm kc-css-488525 kc_col-sm-8 kc_column kc_col-sm-8\">\n<div class=\"kc-col-container\">\n<div class=\"kc-elm kc-css-779976 kc_text_block\">\n<p>En avant-programme :<\/p>\n<\/div>\n<\/div>\n<\/div>\n<div class=\"kc-elm kc-css-472545 kc_col-sm-2 kc_column kc_col-sm-2\">\n<div class=\"kc-col-container\"><\/div>\n<\/div>\n<\/div>\n<\/div>\n<\/section>\n<section class=\"kc-elm kc-css-246005 kc_row\">\n<div class=\"kc-row-container  kc-container\">\n<div class=\"kc-wrap-columns\">\n<div class=\"kc-elm kc-css-365125 kc_column kc_col-sm-12\">\n<div class=\"kc-col-container\">\n<div class=\"kc-elm kc-css-232453\" style=\"height: 40px; clear: both; width:100%;\"><\/div>\n<\/div>\n<\/div>\n<\/div>\n<\/div>\n<\/section>\n<section class=\"kc-elm kc-css-323335 kc_row\">\n<div class=\"kc-row-container  kc-container\">\n<div class=\"kc-wrap-columns\">\n<div class=\"kc-elm kc-css-766013 kc_col-sm-1 kc_column kc_col-sm-1\">\n<div class=\"kc-col-container\"><\/div>\n<\/div>\n<div class=\"kc-elm kc-css-741433 kc_col-sm-4 kc_column kc_col-sm-4\">\n<div class=\"kc-col-container\"><\/div>\n<\/div>\n<div class=\"kc-elm kc-css-998121 kc_col-sm-6 kc_column kc_col-sm-6\">\n<div class=\"kc-col-container\">\n<div class=\"kc-elm kc-css-624512 kc_text_block\">\n<h2>DERNI\u00c8RE DANSE <br \/>Lettre film\u00e9e \u00e0 Pina B.<\/h2>\n<p><strong>Fran\u00e7ois Zabaleta<\/strong><\/p>\n<p>Cette br\u00e8ve lettre film\u00e9e raconte le rapport po\u00e9tique et myst\u00e9rieux que son auteur, Fran\u00e7ois Zabaleta, a entretenu \u00e0 distance, pendant quarante ans, avec cette femme \u00e9trange et inoubliable qui a infl\u00e9chi le cours de l\u2019existence de nombre de ses spectateurs, la c\u00e9l\u00e8bre chor\u00e9graphe allemande : Pina Bausch.<\/p>\n<p><strong>Documentaire. France. 2016. 23\u2019<\/strong><\/p>\n<\/p>\n<\/div>\n<\/div>\n<\/div>\n<div class=\"kc-elm kc-css-50513 kc_col-sm-1 kc_column kc_col-sm-1\">\n<div class=\"kc-col-container\"><\/div>\n<\/div>\n<\/div>\n<\/div>\n<\/section>\n<section class=\"kc-elm kc-css-337202 kc_row\">\n<div class=\"kc-row-container  kc-container\">\n<div class=\"kc-wrap-columns\">\n<div class=\"kc-elm kc-css-735195 kc_col-sm-1 kc_column kc_col-sm-1\">\n<div class=\"kc-col-container\"><\/div>\n<\/div>\n<div class=\"kc-elm kc-css-313140 kc_col-sm-3 kc_column kc_col-sm-3\">\n<div class=\"kc-col-container\"><\/div>\n<\/div>\n<div class=\"kc-elm kc-css-554615 kc_col-sm-6 kc_column kc_col-sm-6\">\n<div class=\"kc-col-container\">\n<div class=\"kc-elm kc-css-407118 kc_text_block\">\n<h2>PAPA<\/h2>\n<h5>Fran\u00e7ois Zabaleta<\/h5>\n<p>Un fils vient de Nouvelle-Z\u00e9lande pour r\u00e9gler ses comptes avec son p\u00e8re mourant. Une veill\u00e9e fun\u00e8bre acide en forme de pied de nez au destin.<\/p>\n<p><strong>Fiction. France. 2018. 3\u2019<\/strong><\/p>\n<\/div>\n<\/div>\n<\/div>\n<div class=\"kc-elm kc-css-834584 kc_col-sm-1 kc_column kc_col-sm-1\">\n<div class=\"kc-col-container\"><\/div>\n<\/div>\n<\/div>\n<\/div>\n<\/section>\n<section class=\"kc-elm kc-css-495208 kc_row\">\n<div class=\"kc-row-container  kc-container\">\n<div class=\"kc-wrap-columns\">\n<div class=\"kc-elm kc-css-45954 kc_col-sm-1 kc_column kc_col-sm-1\">\n<div class=\"kc-col-container\"><\/div>\n<\/div>\n<div class=\"kc-elm kc-css-417542 kc_col-sm-4 kc_column kc_col-sm-4\">\n<div class=\"kc-col-container\"><\/div>\n<\/div>\n<div class=\"kc-elm kc-css-774867 kc_col-sm-6 kc_column kc_col-sm-6\">\n<div class=\"kc-col-container\">\n<div class=\"kc-elm kc-css-797839 kc_text_block\">\n<p><strong>S\u00e9ances suivie d&#039;une rencontre avec Fran\u00e7ois Zabaleta<br \/><\/strong><\/p>\n<\/div>\n<\/div>\n<\/div>\n<div class=\"kc-elm kc-css-436568 kc_col-sm-1 kc_column kc_col-sm-1\">\n<div class=\"kc-col-container\"><\/div>\n<\/div>\n<\/div>\n<\/div>\n<\/section>\n","protected":false},"excerpt":{"rendered":"<p>L\u00c0 O\u00d9 VIVENT LES HOMMES INCONSOL\u00c9S Fran\u00e7ois Zabaleta \u00ab Ce film est le portrait d\u2019un homme qui, comme on dit, n\u2019a pas eu de chance dans la vie. Un homme qui n\u2019a jamais eu d\u2019\u00e9toile, bonne ou mauvaise. Cet homme c\u2019\u00e9tait mon p\u00e8re. Ce qui m\u2019a int\u00e9ress\u00e9, ce qui a motiv\u00e9 mon envie de parler [&hellip;]<\/p>\n","protected":false},"featured_media":3964,"template":"","meta":[],"film-type":[13],"film-tag":[75],"class_list":["post-3926","film","type-film","status-publish","has-post-thumbnail","hentry","film-type-competition-documentaires","film-tag-75"],"_links":{"self":[{"href":"https:\/\/cheries-cheris.com\/festival\/wp-json\/wp\/v2\/film\/3926","targetHints":{"allow":["GET"]}}],"collection":[{"href":"https:\/\/cheries-cheris.com\/festival\/wp-json\/wp\/v2\/film"}],"about":[{"href":"https:\/\/cheries-cheris.com\/festival\/wp-json\/wp\/v2\/types\/film"}],"wp:featuredmedia":[{"embeddable":true,"href":"https:\/\/cheries-cheris.com\/festival\/wp-json\/wp\/v2\/media\/3964"}],"wp:attachment":[{"href":"https:\/\/cheries-cheris.com\/festival\/wp-json\/wp\/v2\/media?parent=3926"}],"wp:term":[{"taxonomy":"film-type","embeddable":true,"href":"https:\/\/cheries-cheris.com\/festival\/wp-json\/wp\/v2\/film-type?post=3926"},{"taxonomy":"film-tag","embeddable":true,"href":"https:\/\/cheries-cheris.com\/festival\/wp-json\/wp\/v2\/film-tag?post=3926"}],"curies":[{"name":"wp","href":"https:\/\/api.w.org\/{rel}","templated":true}]}}

Là où vivent les hommes inconsolés

<style type="text/css">@media only screen and (min-width: 1000px) and (max-width: 5000px){body.kc-css-system .kc-css-80453{width: 40%;}body.kc-css-system .kc-css-800631{width: 50%;}body.kc-css-system .kc-css-835348{width: 10%;}body.kc-css-system .kc-css-289658{width: 15%;}body.kc-css-system .kc-css-488525{width: 70%;}body.kc-css-system .kc-css-472545{width: 15%;}body.kc-css-system .kc-css-766013{width: 9.97%;}body.kc-css-system .kc-css-741433{width: 29.53%;}body.kc-css-system .kc-css-998121{width: 50.26%;}body.kc-css-system .kc-css-50513{width: 10.22%;}body.kc-css-system .kc-css-735195{width: 10.08%;}body.kc-css-system .kc-css-313140{width: 29.42%;}body.kc-css-system .kc-css-554615{width: 50.04%;}body.kc-css-system .kc-css-834584{width: 10.44%;}body.kc-css-system .kc-css-45954{width: 9.97%;}body.kc-css-system .kc-css-417542{width: 29.53%;}body.kc-css-system .kc-css-774867{width: 50.26%;}body.kc-css-system .kc-css-436568{width: 10.22%;}}body.kc-css-system .kc-css-342596{margin-top: 20px;}body.kc-css-system .kc-css-779976 ,body.kc-css-system .kc-css-779976 p{font-size: 1.25em;}body.kc-css-system .kc-css-323335{margin-top: 20px;}body.kc-css-system .kc-css-337202{margin-top: 20px;}body.kc-css-system .kc-css-495208{margin-top: 20px;}</style>
<section class="kc-elm kc-css-742247 kc_row">
<div class="kc-row-container  kc-container">
<div class="kc-wrap-columns">
<div class="kc-elm kc-css-349295 kc_column kc_col-sm-12">
<div class="kc-col-container">
<div class="kc-elm kc-css-772694" style="height: 40px; clear: both; width:100%;"></div>
</div>
</div>
</div>
</div>
</section>
<section class="kc-elm kc-css-926154 kc_row">
<div class="kc-row-container  kc-container">
<div class="kc-wrap-columns">
<div class="kc-elm kc-css-80453 kc_col-sm-5 kc_column kc_col-sm-5">
<div class="kc-col-container">
<div class="kc-elm kc-css-878317 kc_shortcode kc_single_image">
<p>        <img decoding="async" src="https://cheries-cheris.com/festival/wp-content/uploads/2022/11/la-ou-vivvent-les-hommes-inconsoles.jpg" class="" alt="image extraite du documentaire La où vivent les hommes inconsolés" />    </div>
</div>
</div>
<div class="kc-elm kc-css-800631 kc_col-sm-6 kc_column kc_col-sm-6">
<div class="kc-col-container">
<div class="kc-elm kc-css-986312 kc_text_block">
<h2>LÀ OÙ VIVENT LES HOMMES INCONSOLÉS</h2>
<h5>François Zabaleta</h5>
<p>« Ce film est le portrait d’un homme qui, comme on dit, n’a pas eu de chance dans la vie. Un homme qui n’a jamais eu d’étoile, bonne ou mauvaise. Cet homme c’était mon père. Ce qui m’a intéressé, ce qui a motivé mon envie de parler de lui, c’est, paradoxalement, parce que je ne l’ai pour ainsi dire pas connu. Parce que je sais peu de choses de l’homme adulte qu’il a été. Et aussi parce que ses proches, sa famille, ses amis ne connaissaient de lui que ce qu’il en laissait paraître. Quand il est mort une après-midi d’août 1975, il avait trente-sept ans et il commençait à aller mieux. À reprendre goût à la vie. Cet été-là nous devions le passer ensemble. Nous devions apprendre à nous connaître. Mais le hasard, la fatalité ou la providence en a décidé autrement. Il pêchait au bord d’un étang. Sa ligne a heurté une ligne à haute tension. Il s’appelait Michel. Ce film est son tombeau poétique. » François Zabaleta</p>
<p><strong>France. 2022. 58’</strong></p>
<p>Documentaire. VF.<br />Réalisation, scénario, image, montage, production : François Zabaleta<br />Animation en 3D : Steve Dent<br />Musique : Johannes Brahms</p>
</div>
</div>
</div>
<div class="kc-elm kc-css-835348 kc_col-sm-1 kc_column kc_col-sm-1">
<div class="kc-col-container"></div>
</div>
</div>
</div>
</section>
<section class="kc-elm kc-css-801456 kc_row">
<div class="kc-row-container  kc-container">
<div class="kc-wrap-columns">
<div class="kc-elm kc-css-576343 kc_column kc_col-sm-12">
<div class="kc-col-container">
<div class="kc-elm kc-css-433850" style="height: 40px; clear: both; width:100%;"></div>
</div>
</div>
</div>
</div>
</section>
<section class="kc-elm kc-css-342596 kc_row">
<div class="kc-row-container  kc-container">
<div class="kc-wrap-columns">
<div class="kc-elm kc-css-289658 kc_col-sm-2 kc_column kc_col-sm-2">
<div class="kc-col-container"></div>
</div>
<div class="kc-elm kc-css-488525 kc_col-sm-8 kc_column kc_col-sm-8">
<div class="kc-col-container">
<div class="kc-elm kc-css-779976 kc_text_block">
<p>En avant-programme :</p>
</div>
</div>
</div>
<div class="kc-elm kc-css-472545 kc_col-sm-2 kc_column kc_col-sm-2">
<div class="kc-col-container"></div>
</div>
</div>
</div>
</section>
<section class="kc-elm kc-css-246005 kc_row">
<div class="kc-row-container  kc-container">
<div class="kc-wrap-columns">
<div class="kc-elm kc-css-365125 kc_column kc_col-sm-12">
<div class="kc-col-container">
<div class="kc-elm kc-css-232453" style="height: 40px; clear: both; width:100%;"></div>
</div>
</div>
</div>
</div>
</section>
<section class="kc-elm kc-css-323335 kc_row">
<div class="kc-row-container  kc-container">
<div class="kc-wrap-columns">
<div class="kc-elm kc-css-766013 kc_col-sm-1 kc_column kc_col-sm-1">
<div class="kc-col-container"></div>
</div>
<div class="kc-elm kc-css-741433 kc_col-sm-4 kc_column kc_col-sm-4">
<div class="kc-col-container"></div>
</div>
<div class="kc-elm kc-css-998121 kc_col-sm-6 kc_column kc_col-sm-6">
<div class="kc-col-container">
<div class="kc-elm kc-css-624512 kc_text_block">
<h2>DERNIÈRE DANSE <br />Lettre filmée à Pina B.</h2>
<p><strong>François Zabaleta</strong></p>
<p>Cette brève lettre filmée raconte le rapport poétique et mystérieux que son auteur, François Zabaleta, a entretenu à distance, pendant quarante ans, avec cette femme étrange et inoubliable qui a infléchi le cours de l’existence de nombre de ses spectateurs, la célèbre chorégraphe allemande : Pina Bausch.</p>
<p><strong>Documentaire. France. 2016. 23’</strong></p>
</p>
</div>
</div>
</div>
<div class="kc-elm kc-css-50513 kc_col-sm-1 kc_column kc_col-sm-1">
<div class="kc-col-container"></div>
</div>
</div>
</div>
</section>
<section class="kc-elm kc-css-337202 kc_row">
<div class="kc-row-container  kc-container">
<div class="kc-wrap-columns">
<div class="kc-elm kc-css-735195 kc_col-sm-1 kc_column kc_col-sm-1">
<div class="kc-col-container"></div>
</div>
<div class="kc-elm kc-css-313140 kc_col-sm-3 kc_column kc_col-sm-3">
<div class="kc-col-container"></div>
</div>
<div class="kc-elm kc-css-554615 kc_col-sm-6 kc_column kc_col-sm-6">
<div class="kc-col-container">
<div class="kc-elm kc-css-407118 kc_text_block">
<h2>PAPA</h2>
<h5>François Zabaleta</h5>
<p>Un fils vient de Nouvelle-Zélande pour régler ses comptes avec son père mourant. Une veillée funèbre acide en forme de pied de nez au destin.</p>
<p><strong>Fiction. France. 2018. 3’</strong></p>
</div>
</div>
</div>
<div class="kc-elm kc-css-834584 kc_col-sm-1 kc_column kc_col-sm-1">
<div class="kc-col-container"></div>
</div>
</div>
</div>
</section>
<section class="kc-elm kc-css-495208 kc_row">
<div class="kc-row-container  kc-container">
<div class="kc-wrap-columns">
<div class="kc-elm kc-css-45954 kc_col-sm-1 kc_column kc_col-sm-1">
<div class="kc-col-container"></div>
</div>
<div class="kc-elm kc-css-417542 kc_col-sm-4 kc_column kc_col-sm-4">
<div class="kc-col-container"></div>
</div>
<div class="kc-elm kc-css-774867 kc_col-sm-6 kc_column kc_col-sm-6">
<div class="kc-col-container">
<div class="kc-elm kc-css-797839 kc_text_block">
<p><strong>Séances suivie d&#039;une rencontre avec François Zabaleta<br /></strong></p>
</div>
</div>
</div>
<div class="kc-elm kc-css-436568 kc_col-sm-1 kc_column kc_col-sm-1">
<div class="kc-col-container"></div>
</div>
</div>
</div>
</section>

<p>LÀ OÙ VIVENT LES HOMMES INCONSOLÉS François Zabaleta « Ce film est le portrait d’un homme qui, comme on dit, n’a pas eu de chance dans la vie. Un homme qui n’a jamais eu d’étoile, bonne ou mauvaise. Cet homme c’était mon père. Ce qui m’a intéressé, ce qui a motivé mon envie de parler [&hellip;]</p>
