{"id":3787,"date":"2022-10-26T17:27:48","date_gmt":"2022-10-26T15:27:48","guid":{"rendered":"https:\/\/cheries-cheris.com\/festival\/?post_type=film&#038;p=3787"},"modified":"2022-11-04T15:25:41","modified_gmt":"2022-11-04T14:25:41","slug":"competition-courts-metrages-gays-1-2022","status":"publish","type":"film","link":"https:\/\/cheries-cheris.com\/festival\/films\/competition-courts-metrages-gays-1-2022\/","title":{"rendered":"COMP\u00c9TITION COURTS M\u00c9TRAGES GAYS 1 2022"},"content":{"rendered":"<style type=\"text\/css\">@media only screen and (min-width: 1000px) and (max-width: 5000px){body.kc-css-system .kc-css-227466{width: 9.97%;}body.kc-css-system .kc-css-557681{width: 29.53%;}body.kc-css-system .kc-css-475138{width: 50.26%;}body.kc-css-system .kc-css-636973{width: 10.22%;}body.kc-css-system .kc-css-30209{width: 10.08%;}body.kc-css-system .kc-css-340086{width: 29.42%;}body.kc-css-system .kc-css-537240{width: 50.04%;}body.kc-css-system .kc-css-131270{width: 10.44%;}body.kc-css-system .kc-css-352078{width: 9.97%;}body.kc-css-system .kc-css-316527{width: 29.53%;}body.kc-css-system .kc-css-638000{width: 50.26%;}body.kc-css-system .kc-css-307992{width: 10.22%;}body.kc-css-system .kc-css-603596{width: 9.97%;}body.kc-css-system .kc-css-863148{width: 29.53%;}body.kc-css-system .kc-css-306578{width: 50.26%;}body.kc-css-system .kc-css-126364{width: 10.22%;}body.kc-css-system .kc-css-997684{width: 9.97%;}body.kc-css-system .kc-css-618929{width: 29.53%;}body.kc-css-system .kc-css-248805{width: 50.26%;}body.kc-css-system .kc-css-266796{width: 10.22%;}body.kc-css-system .kc-css-534892{width: 9.97%;}body.kc-css-system .kc-css-148438{width: 29.53%;}body.kc-css-system .kc-css-433292{width: 50.26%;}body.kc-css-system .kc-css-612726{width: 10.22%;}}body.kc-css-system .kc-css-253570{margin-top: 20px;}body.kc-css-system .kc-css-927516{margin-top: 20px;}body.kc-css-system .kc-css-444422{margin-top: 20px;}body.kc-css-system .kc-css-801585{margin-top: 20px;}body.kc-css-system .kc-css-726049{margin-top: 20px;}body.kc-css-system .kc-css-969907{margin-top: 20px;}<\/style>\n<section class=\"kc-elm kc-css-23701 kc_row\">\n<div class=\"kc-row-container  kc-container\">\n<div class=\"kc-wrap-columns\">\n<div class=\"kc-elm kc-css-602542 kc_column kc_col-sm-12\">\n<div class=\"kc-col-container\">\n<div class=\"kc-elm kc-css-520714\" style=\"height: 40px; clear: both; width:100%;\"><\/div>\n<\/div>\n<\/div>\n<\/div>\n<\/div>\n<\/section>\n<section class=\"kc-elm kc-css-253570 kc_row\">\n<div class=\"kc-row-container  kc-container\">\n<div class=\"kc-wrap-columns\">\n<div class=\"kc-elm kc-css-227466 kc_col-sm-1 kc_column kc_col-sm-1\">\n<div class=\"kc-col-container\"><\/div>\n<\/div>\n<div class=\"kc-elm kc-css-557681 kc_col-sm-4 kc_column kc_col-sm-4\">\n<div class=\"kc-col-container\">\n<div class=\"kc-elm kc-css-110452 kc_shortcode kc_single_image\">\n<p>        <img decoding=\"async\" src=\"https:\/\/cheries-cheris.com\/festival\/wp-content\/uploads\/2022\/10\/feu_au_lac.jpg\" class=\"\" alt=\"image extraite du court-m\u00e9trage Le feu au lac\" \/>    <\/div>\n<\/div>\n<\/div>\n<div class=\"kc-elm kc-css-475138 kc_col-sm-6 kc_column kc_col-sm-6\">\n<div class=\"kc-col-container\">\n<div class=\"kc-elm kc-css-541691 kc_text_block\">\n<h2>LE FEU AU LAC<\/h2>\n<h5>Pierre Menahem<\/h5>\n<p>Un hameau de haute montagne, au d\u00e9but de l&#039;\u00e9t\u00e9. F\u00e9lix descend des p\u00e2turages o\u00f9 il garde ses vaches et trouve sa vieille m\u00e8re allong\u00e9e sans vie sur son lit. Secou\u00e9, il s&#039;enfuit. Il roule quelques kilom\u00e8tres dans la vall\u00e9e jusqu&#039;\u00e0 la maison d&#039;un jeune homme qui vient de le contacter sur une appli de rencontres.<\/p>\n<p><strong>Fiction. France. 2022. 16\u2019<\/strong><\/p>\n<\/div>\n<\/div>\n<\/div>\n<div class=\"kc-elm kc-css-636973 kc_col-sm-1 kc_column kc_col-sm-1\">\n<div class=\"kc-col-container\"><\/div>\n<\/div>\n<\/div>\n<\/div>\n<\/section>\n<section class=\"kc-elm kc-css-927516 kc_row\">\n<div class=\"kc-row-container  kc-container\">\n<div class=\"kc-wrap-columns\">\n<div class=\"kc-elm kc-css-30209 kc_col-sm-1 kc_column kc_col-sm-1\">\n<div class=\"kc-col-container\"><\/div>\n<\/div>\n<div class=\"kc-elm kc-css-340086 kc_col-sm-3 kc_column kc_col-sm-3\">\n<div class=\"kc-col-container\">\n<div class=\"kc-elm kc-css-660352 kc_shortcode kc_single_image\">\n<p>        <img decoding=\"async\" src=\"https:\/\/cheries-cheris.com\/festival\/wp-content\/uploads\/2022\/10\/idiot-fish-e1666880688653.jpg\" class=\"\" alt=\"image extraite du court-m\u00e9trage Idiot Fish\" \/>    <\/div>\n<\/div>\n<\/div>\n<div class=\"kc-elm kc-css-537240 kc_col-sm-6 kc_column kc_col-sm-6\">\n<div class=\"kc-col-container\">\n<div class=\"kc-elm kc-css-74935 kc_text_block\">\n<h2>IDIOT FISH<\/h2>\n<h5>Hakim Mao<\/h5>\n<p>Sur la route des vacances, Jimmy et Guillaume remettent en jeu leur relation. Jimmy devient un autostoppeur perdu, Guillaume un conducteur solitaire. Ils vont jouer \u00e0 ne plus se connaitre, jouer \u00e0 se rencontrer et \u00e0 se s\u00e9duire \u00e0 nouveau. Jusqu\u2019\u00e0 ce qu\u2019un troisi\u00e8me joueur rejoigne la partie\u2026<\/p>\n<p><strong>Fiction. France. 2022. 24\u2019<\/strong><\/p>\n<\/div>\n<\/div>\n<\/div>\n<div class=\"kc-elm kc-css-131270 kc_col-sm-1 kc_column kc_col-sm-1\">\n<div class=\"kc-col-container\"><\/div>\n<\/div>\n<\/div>\n<\/div>\n<\/section>\n<section class=\"kc-elm kc-css-444422 kc_row\">\n<div class=\"kc-row-container  kc-container\">\n<div class=\"kc-wrap-columns\">\n<div class=\"kc-elm kc-css-352078 kc_col-sm-1 kc_column kc_col-sm-1\">\n<div class=\"kc-col-container\"><\/div>\n<\/div>\n<div class=\"kc-elm kc-css-316527 kc_col-sm-4 kc_column kc_col-sm-4\">\n<div class=\"kc-col-container\">\n<div class=\"kc-elm kc-css-2304 kc_shortcode kc_single_image\">\n<p>        <img decoding=\"async\" src=\"https:\/\/cheries-cheris.com\/festival\/wp-content\/uploads\/2022\/10\/fabien-auxiliaire-de-vie.jpg\" class=\"\" alt=\"image extraite du court-m\u00e9trage Fabien auxiliaire de vie\" \/>    <\/div>\n<\/div>\n<\/div>\n<div class=\"kc-elm kc-css-638000 kc_col-sm-6 kc_column kc_col-sm-6\">\n<div class=\"kc-col-container\">\n<div class=\"kc-elm kc-css-624634 kc_text_block\">\n<h2>FABIEN, AUXILIAIRE DE VIE<\/h2>\n<h5>Pierre Guiho<\/h5>\n<p>Fabien est aide-soignant dans une r\u00e9sidence pour personnes d\u00e9pendantes. Un jour, alors qu&#039;il lit de la po\u00e9sie \u00e0 monsieur Verdier,\u00a0un homme qui ne parle ni ne marche, Fabien remarque que les yeux de son auditeur s&#039;attardent sur certaines parties de son corps. Sur un coup de t\u00eate, il lui propose de l&#039;emmener en balade&#8230;<\/p>\n<p><strong>Fiction. France. 2022. 10\u2019<\/strong><\/p>\n<\/div>\n<\/div>\n<\/div>\n<div class=\"kc-elm kc-css-307992 kc_col-sm-1 kc_column kc_col-sm-1\">\n<div class=\"kc-col-container\"><\/div>\n<\/div>\n<\/div>\n<\/div>\n<\/section>\n<section class=\"kc-elm kc-css-801585 kc_row\">\n<div class=\"kc-row-container  kc-container\">\n<div class=\"kc-wrap-columns\">\n<div class=\"kc-elm kc-css-603596 kc_col-sm-1 kc_column kc_col-sm-1\">\n<div class=\"kc-col-container\"><\/div>\n<\/div>\n<div class=\"kc-elm kc-css-863148 kc_col-sm-4 kc_column kc_col-sm-4\">\n<div class=\"kc-col-container\">\n<div class=\"kc-elm kc-css-812630 kc_shortcode kc_single_image\">\n<p>        <img decoding=\"async\" src=\"https:\/\/cheries-cheris.com\/festival\/wp-content\/uploads\/2022\/10\/leo-la-nuit.png\" class=\"\" alt=\"image extraite du court-m\u00e9trage Leo la nuit\" \/>    <\/div>\n<\/div>\n<\/div>\n<div class=\"kc-elm kc-css-306578 kc_col-sm-6 kc_column kc_col-sm-6\">\n<div class=\"kc-col-container\">\n<div class=\"kc-elm kc-css-757363 kc_text_block\">\n<h2>L\u00c9O LA NUIT<\/h2>\n<h5>Nans Laborde-Jourd\u00e0a<\/h5>\n<p>Paul ne sait pas dire non. Il passe de job en job, de bras d\u2019homme en bras d\u2019homme sans savoir de quoi demain sera fait. Ce mercredi, il doit garder son fils de huit ans qu\u2019il n\u2019a pas e\u0301leve\u0301 et qu\u2019il a eu avec Assa, une chirurgienne plus a\u0302ge\u0301e que lui.<\/p>\n<p><strong>Fiction. France. 2022. 23\u2019<\/strong><\/p>\n<\/div>\n<\/div>\n<\/div>\n<div class=\"kc-elm kc-css-126364 kc_col-sm-1 kc_column kc_col-sm-1\">\n<div class=\"kc-col-container\"><\/div>\n<\/div>\n<\/div>\n<\/div>\n<\/section>\n<section class=\"kc-elm kc-css-726049 kc_row\">\n<div class=\"kc-row-container  kc-container\">\n<div class=\"kc-wrap-columns\">\n<div class=\"kc-elm kc-css-997684 kc_col-sm-1 kc_column kc_col-sm-1\">\n<div class=\"kc-col-container\"><\/div>\n<\/div>\n<div class=\"kc-elm kc-css-618929 kc_col-sm-4 kc_column kc_col-sm-4\">\n<div class=\"kc-col-container\">\n<div class=\"kc-elm kc-css-911542 kc_shortcode kc_single_image\">\n<p>        <img decoding=\"async\" src=\"https:\/\/cheries-cheris.com\/festival\/wp-content\/uploads\/2022\/10\/les-maladies-extravagantes-e1666880593377.jpg\" class=\"\" alt=\"image extraite du court-m\u00e9trage Les maladies extravagantes\" \/>    <\/div>\n<\/div>\n<\/div>\n<div class=\"kc-elm kc-css-248805 kc_col-sm-6 kc_column kc_col-sm-6\">\n<div class=\"kc-col-container\">\n<div class=\"kc-elm kc-css-289284 kc_text_block\">\n<h2>LES MALADIES EXTRAVAGANTES<\/h2>\n<h5>Rapha\u00ebl Deslandes<\/h5>\n<p>\u00c0 17 ans, Louis est un romantique, aimant se r\u00e9fugier sur un \u00eelot avec Thibault, son amoureux. Mais au lyc\u00e9e, Thibault s\u2019affiche avec Sophie. Pour qu\u2019il ne soit qu\u2019\u00e0 lui, Louis lui jette un sort d\u2019amour. Mais les choses ne se passent pas comme pr\u00e9vu.<\/p>\n<p><strong>Fiction. France. 2022. 24\u2019<\/strong><\/p>\n<\/div>\n<\/div>\n<\/div>\n<div class=\"kc-elm kc-css-266796 kc_col-sm-1 kc_column kc_col-sm-1\">\n<div class=\"kc-col-container\"><\/div>\n<\/div>\n<\/div>\n<\/div>\n<\/section>\n<section class=\"kc-elm kc-css-969907 kc_row\">\n<div class=\"kc-row-container  kc-container\">\n<div class=\"kc-wrap-columns\">\n<div class=\"kc-elm kc-css-534892 kc_col-sm-1 kc_column kc_col-sm-1\">\n<div class=\"kc-col-container\"><\/div>\n<\/div>\n<div class=\"kc-elm kc-css-148438 kc_col-sm-4 kc_column kc_col-sm-4\">\n<div class=\"kc-col-container\"><\/div>\n<\/div>\n<div class=\"kc-elm kc-css-433292 kc_col-sm-6 kc_column kc_col-sm-6\">\n<div class=\"kc-col-container\">\n<div class=\"kc-elm kc-css-487883 kc_text_block\">\n<p><strong>S\u00e9ance en pr\u00e9sence des \u00e9quipes des films<\/strong><\/p>\n<\/div>\n<\/div>\n<\/div>\n<div class=\"kc-elm kc-css-612726 kc_col-sm-1 kc_column kc_col-sm-1\">\n<div class=\"kc-col-container\"><\/div>\n<\/div>\n<\/div>\n<\/div>\n<\/section>\n","protected":false},"excerpt":{"rendered":"<p>LE FEU AU LAC Pierre Menahem Un hameau de haute montagne, au d\u00e9but de l&#039;\u00e9t\u00e9. F\u00e9lix descend des p\u00e2turages o\u00f9 il garde ses vaches et trouve sa vieille m\u00e8re allong\u00e9e sans vie sur son lit. Secou\u00e9, il s&#039;enfuit. Il roule quelques kilom\u00e8tres dans la vall\u00e9e jusqu&#039;\u00e0 la maison d&#039;un jeune homme qui vient de le [&hellip;]<\/p>\n","protected":false},"featured_media":0,"template":"","meta":[],"film-type":[74],"film-tag":[75],"class_list":["post-3787","film","type-film","status-publish","hentry","film-type-competition-courts-metrages-2022","film-tag-75"],"_links":{"self":[{"href":"https:\/\/cheries-cheris.com\/festival\/wp-json\/wp\/v2\/film\/3787","targetHints":{"allow":["GET"]}}],"collection":[{"href":"https:\/\/cheries-cheris.com\/festival\/wp-json\/wp\/v2\/film"}],"about":[{"href":"https:\/\/cheries-cheris.com\/festival\/wp-json\/wp\/v2\/types\/film"}],"wp:attachment":[{"href":"https:\/\/cheries-cheris.com\/festival\/wp-json\/wp\/v2\/media?parent=3787"}],"wp:term":[{"taxonomy":"film-type","embeddable":true,"href":"https:\/\/cheries-cheris.com\/festival\/wp-json\/wp\/v2\/film-type?post=3787"},{"taxonomy":"film-tag","embeddable":true,"href":"https:\/\/cheries-cheris.com\/festival\/wp-json\/wp\/v2\/film-tag?post=3787"}],"curies":[{"name":"wp","href":"https:\/\/api.w.org\/{rel}","templated":true}]}}

COMPÉTITION COURTS MÉTRAGES GAYS 1 2022

<style type="text/css">@media only screen and (min-width: 1000px) and (max-width: 5000px){body.kc-css-system .kc-css-227466{width: 9.97%;}body.kc-css-system .kc-css-557681{width: 29.53%;}body.kc-css-system .kc-css-475138{width: 50.26%;}body.kc-css-system .kc-css-636973{width: 10.22%;}body.kc-css-system .kc-css-30209{width: 10.08%;}body.kc-css-system .kc-css-340086{width: 29.42%;}body.kc-css-system .kc-css-537240{width: 50.04%;}body.kc-css-system .kc-css-131270{width: 10.44%;}body.kc-css-system .kc-css-352078{width: 9.97%;}body.kc-css-system .kc-css-316527{width: 29.53%;}body.kc-css-system .kc-css-638000{width: 50.26%;}body.kc-css-system .kc-css-307992{width: 10.22%;}body.kc-css-system .kc-css-603596{width: 9.97%;}body.kc-css-system .kc-css-863148{width: 29.53%;}body.kc-css-system .kc-css-306578{width: 50.26%;}body.kc-css-system .kc-css-126364{width: 10.22%;}body.kc-css-system .kc-css-997684{width: 9.97%;}body.kc-css-system .kc-css-618929{width: 29.53%;}body.kc-css-system .kc-css-248805{width: 50.26%;}body.kc-css-system .kc-css-266796{width: 10.22%;}body.kc-css-system .kc-css-534892{width: 9.97%;}body.kc-css-system .kc-css-148438{width: 29.53%;}body.kc-css-system .kc-css-433292{width: 50.26%;}body.kc-css-system .kc-css-612726{width: 10.22%;}}body.kc-css-system .kc-css-253570{margin-top: 20px;}body.kc-css-system .kc-css-927516{margin-top: 20px;}body.kc-css-system .kc-css-444422{margin-top: 20px;}body.kc-css-system .kc-css-801585{margin-top: 20px;}body.kc-css-system .kc-css-726049{margin-top: 20px;}body.kc-css-system .kc-css-969907{margin-top: 20px;}</style>
<section class="kc-elm kc-css-23701 kc_row">
<div class="kc-row-container  kc-container">
<div class="kc-wrap-columns">
<div class="kc-elm kc-css-602542 kc_column kc_col-sm-12">
<div class="kc-col-container">
<div class="kc-elm kc-css-520714" style="height: 40px; clear: both; width:100%;"></div>
</div>
</div>
</div>
</div>
</section>
<section class="kc-elm kc-css-253570 kc_row">
<div class="kc-row-container  kc-container">
<div class="kc-wrap-columns">
<div class="kc-elm kc-css-227466 kc_col-sm-1 kc_column kc_col-sm-1">
<div class="kc-col-container"></div>
</div>
<div class="kc-elm kc-css-557681 kc_col-sm-4 kc_column kc_col-sm-4">
<div class="kc-col-container">
<div class="kc-elm kc-css-110452 kc_shortcode kc_single_image">
<p>        <img decoding="async" src="https://cheries-cheris.com/festival/wp-content/uploads/2022/10/feu_au_lac.jpg" class="" alt="image extraite du court-métrage Le feu au lac" />    </div>
</div>
</div>
<div class="kc-elm kc-css-475138 kc_col-sm-6 kc_column kc_col-sm-6">
<div class="kc-col-container">
<div class="kc-elm kc-css-541691 kc_text_block">
<h2>LE FEU AU LAC</h2>
<h5>Pierre Menahem</h5>
<p>Un hameau de haute montagne, au début de l&#039;été. Félix descend des pâturages où il garde ses vaches et trouve sa vieille mère allongée sans vie sur son lit. Secoué, il s&#039;enfuit. Il roule quelques kilomètres dans la vallée jusqu&#039;à la maison d&#039;un jeune homme qui vient de le contacter sur une appli de rencontres.</p>
<p><strong>Fiction. France. 2022. 16’</strong></p>
</div>
</div>
</div>
<div class="kc-elm kc-css-636973 kc_col-sm-1 kc_column kc_col-sm-1">
<div class="kc-col-container"></div>
</div>
</div>
</div>
</section>
<section class="kc-elm kc-css-927516 kc_row">
<div class="kc-row-container  kc-container">
<div class="kc-wrap-columns">
<div class="kc-elm kc-css-30209 kc_col-sm-1 kc_column kc_col-sm-1">
<div class="kc-col-container"></div>
</div>
<div class="kc-elm kc-css-340086 kc_col-sm-3 kc_column kc_col-sm-3">
<div class="kc-col-container">
<div class="kc-elm kc-css-660352 kc_shortcode kc_single_image">
<p>        <img decoding="async" src="https://cheries-cheris.com/festival/wp-content/uploads/2022/10/idiot-fish-e1666880688653.jpg" class="" alt="image extraite du court-métrage Idiot Fish" />    </div>
</div>
</div>
<div class="kc-elm kc-css-537240 kc_col-sm-6 kc_column kc_col-sm-6">
<div class="kc-col-container">
<div class="kc-elm kc-css-74935 kc_text_block">
<h2>IDIOT FISH</h2>
<h5>Hakim Mao</h5>
<p>Sur la route des vacances, Jimmy et Guillaume remettent en jeu leur relation. Jimmy devient un autostoppeur perdu, Guillaume un conducteur solitaire. Ils vont jouer à ne plus se connaitre, jouer à se rencontrer et à se séduire à nouveau. Jusqu’à ce qu’un troisième joueur rejoigne la partie…</p>
<p><strong>Fiction. France. 2022. 24’</strong></p>
</div>
</div>
</div>
<div class="kc-elm kc-css-131270 kc_col-sm-1 kc_column kc_col-sm-1">
<div class="kc-col-container"></div>
</div>
</div>
</div>
</section>
<section class="kc-elm kc-css-444422 kc_row">
<div class="kc-row-container  kc-container">
<div class="kc-wrap-columns">
<div class="kc-elm kc-css-352078 kc_col-sm-1 kc_column kc_col-sm-1">
<div class="kc-col-container"></div>
</div>
<div class="kc-elm kc-css-316527 kc_col-sm-4 kc_column kc_col-sm-4">
<div class="kc-col-container">
<div class="kc-elm kc-css-2304 kc_shortcode kc_single_image">
<p>        <img decoding="async" src="https://cheries-cheris.com/festival/wp-content/uploads/2022/10/fabien-auxiliaire-de-vie.jpg" class="" alt="image extraite du court-métrage Fabien auxiliaire de vie" />    </div>
</div>
</div>
<div class="kc-elm kc-css-638000 kc_col-sm-6 kc_column kc_col-sm-6">
<div class="kc-col-container">
<div class="kc-elm kc-css-624634 kc_text_block">
<h2>FABIEN, AUXILIAIRE DE VIE</h2>
<h5>Pierre Guiho</h5>
<p>Fabien est aide-soignant dans une résidence pour personnes dépendantes. Un jour, alors qu&#039;il lit de la poésie à monsieur Verdier, un homme qui ne parle ni ne marche, Fabien remarque que les yeux de son auditeur s&#039;attardent sur certaines parties de son corps. Sur un coup de tête, il lui propose de l&#039;emmener en balade&#8230;</p>
<p><strong>Fiction. France. 2022. 10’</strong></p>
</div>
</div>
</div>
<div class="kc-elm kc-css-307992 kc_col-sm-1 kc_column kc_col-sm-1">
<div class="kc-col-container"></div>
</div>
</div>
</div>
</section>
<section class="kc-elm kc-css-801585 kc_row">
<div class="kc-row-container  kc-container">
<div class="kc-wrap-columns">
<div class="kc-elm kc-css-603596 kc_col-sm-1 kc_column kc_col-sm-1">
<div class="kc-col-container"></div>
</div>
<div class="kc-elm kc-css-863148 kc_col-sm-4 kc_column kc_col-sm-4">
<div class="kc-col-container">
<div class="kc-elm kc-css-812630 kc_shortcode kc_single_image">
<p>        <img decoding="async" src="https://cheries-cheris.com/festival/wp-content/uploads/2022/10/leo-la-nuit.png" class="" alt="image extraite du court-métrage Leo la nuit" />    </div>
</div>
</div>
<div class="kc-elm kc-css-306578 kc_col-sm-6 kc_column kc_col-sm-6">
<div class="kc-col-container">
<div class="kc-elm kc-css-757363 kc_text_block">
<h2>LÉO LA NUIT</h2>
<h5>Nans Laborde-Jourdàa</h5>
<p>Paul ne sait pas dire non. Il passe de job en job, de bras d’homme en bras d’homme sans savoir de quoi demain sera fait. Ce mercredi, il doit garder son fils de huit ans qu’il n’a pas élevé et qu’il a eu avec Assa, une chirurgienne plus âgée que lui.</p>
<p><strong>Fiction. France. 2022. 23’</strong></p>
</div>
</div>
</div>
<div class="kc-elm kc-css-126364 kc_col-sm-1 kc_column kc_col-sm-1">
<div class="kc-col-container"></div>
</div>
</div>
</div>
</section>
<section class="kc-elm kc-css-726049 kc_row">
<div class="kc-row-container  kc-container">
<div class="kc-wrap-columns">
<div class="kc-elm kc-css-997684 kc_col-sm-1 kc_column kc_col-sm-1">
<div class="kc-col-container"></div>
</div>
<div class="kc-elm kc-css-618929 kc_col-sm-4 kc_column kc_col-sm-4">
<div class="kc-col-container">
<div class="kc-elm kc-css-911542 kc_shortcode kc_single_image">
<p>        <img decoding="async" src="https://cheries-cheris.com/festival/wp-content/uploads/2022/10/les-maladies-extravagantes-e1666880593377.jpg" class="" alt="image extraite du court-métrage Les maladies extravagantes" />    </div>
</div>
</div>
<div class="kc-elm kc-css-248805 kc_col-sm-6 kc_column kc_col-sm-6">
<div class="kc-col-container">
<div class="kc-elm kc-css-289284 kc_text_block">
<h2>LES MALADIES EXTRAVAGANTES</h2>
<h5>Raphaël Deslandes</h5>
<p>À 17 ans, Louis est un romantique, aimant se réfugier sur un îlot avec Thibault, son amoureux. Mais au lycée, Thibault s’affiche avec Sophie. Pour qu’il ne soit qu’à lui, Louis lui jette un sort d’amour. Mais les choses ne se passent pas comme prévu.</p>
<p><strong>Fiction. France. 2022. 24’</strong></p>
</div>
</div>
</div>
<div class="kc-elm kc-css-266796 kc_col-sm-1 kc_column kc_col-sm-1">
<div class="kc-col-container"></div>
</div>
</div>
</div>
</section>
<section class="kc-elm kc-css-969907 kc_row">
<div class="kc-row-container  kc-container">
<div class="kc-wrap-columns">
<div class="kc-elm kc-css-534892 kc_col-sm-1 kc_column kc_col-sm-1">
<div class="kc-col-container"></div>
</div>
<div class="kc-elm kc-css-148438 kc_col-sm-4 kc_column kc_col-sm-4">
<div class="kc-col-container"></div>
</div>
<div class="kc-elm kc-css-433292 kc_col-sm-6 kc_column kc_col-sm-6">
<div class="kc-col-container">
<div class="kc-elm kc-css-487883 kc_text_block">
<p><strong>Séance en présence des équipes des films</strong></p>
</div>
</div>
</div>
<div class="kc-elm kc-css-612726 kc_col-sm-1 kc_column kc_col-sm-1">
<div class="kc-col-container"></div>
</div>
</div>
</div>
</section>

<p>LE FEU AU LAC Pierre Menahem Un hameau de haute montagne, au début de l&#039;été. Félix descend des pâturages où il garde ses vaches et trouve sa vieille mère allongée sans vie sur son lit. Secoué, il s&#039;enfuit. Il roule quelques kilomètres dans la vallée jusqu&#039;à la maison d&#039;un jeune homme qui vient de le [&hellip;]</p>
