{"id":2561,"date":"2020-10-24T10:36:28","date_gmt":"2020-10-24T08:36:28","guid":{"rendered":"https:\/\/cheries-cheris.com\/festival\/?post_type=film&#038;p=2561"},"modified":"2020-10-24T10:37:26","modified_gmt":"2020-10-24T08:37:26","slug":"eddy-de-pretto-live-a-lelysee-montmartre","status":"publish","type":"film","link":"https:\/\/cheries-cheris.com\/festival\/films\/eddy-de-pretto-live-a-lelysee-montmartre\/","title":{"rendered":"EDDY DE PRETTO LIVE \u00c0 L\u2019ELYS\u00c9E-MONTMARTRE"},"content":{"rendered":"<p>Apparu sur la sc\u00e8ne musicale fran\u00e7aise en 2017, Eddy de Pretto a connu une ascension fulgurante avec son EP Kid puis son album Cure. D\u2019embl\u00e9e, il assume ouvertement son homosexualit\u00e9, th\u00e8me r\u00e9current des textes de ses chansons, et la diffi cult\u00e9 qu\u2019il a eu \u00e0 l\u2019assumer dans la banlieue pr\u00e8s de Cr\u00e9teil o\u00f9 il a grandi. V\u00e9ritable b\u00eate de sc\u00e8ne, il conclut une tourn\u00e9e triomphale, commenc\u00e9e dans des petites salles avant de parcourir les Z\u00e9nith de France sur 2 ans et qui s\u2019est conclue par une s\u00e9rie 10 concerts \u00e0 l\u2019Elys\u00e9e-Montmartre, dans une confi guration in\u00e9dite avec une sc\u00e8ne en forme de ring de boxe central. Entour\u00e9 par son public, il livre un combat avec lui-m\u00eame appuy\u00e9 par des vid\u00e9os-confessions relatant son parcours intime, musical, ses frustrations, ses fantasmes\u2026<\/p>\n<p><em>La s\u00e9ance sera en pr\u00e9sence de l\u2019artiste (sous r\u00e9serve).<\/em><\/p>\n","protected":false},"excerpt":{"rendered":"<p>Apparu sur la sc\u00e8ne musicale fran\u00e7aise en 2017, Eddy de Pretto a connu une ascension fulgurante avec son EP Kid puis son album Cure. D\u2019embl\u00e9e, il assume ouvertement son homosexualit\u00e9, th\u00e8me r\u00e9current des textes de ses chansons, et la diffi cult\u00e9 qu\u2019il a eu \u00e0 l\u2019assumer dans la banlieue pr\u00e8s de Cr\u00e9teil o\u00f9 il a [&hellip;]<\/p>\n","protected":false},"featured_media":2562,"template":"","meta":[],"film-type":[65,22],"film-tag":[],"class_list":["post-2561","film","type-film","status-publish","has-post-thumbnail","hentry","film-type-captation-concert","film-type-seances-speciales"],"_links":{"self":[{"href":"https:\/\/cheries-cheris.com\/festival\/wp-json\/wp\/v2\/film\/2561","targetHints":{"allow":["GET"]}}],"collection":[{"href":"https:\/\/cheries-cheris.com\/festival\/wp-json\/wp\/v2\/film"}],"about":[{"href":"https:\/\/cheries-cheris.com\/festival\/wp-json\/wp\/v2\/types\/film"}],"wp:featuredmedia":[{"embeddable":true,"href":"https:\/\/cheries-cheris.com\/festival\/wp-json\/wp\/v2\/media\/2562"}],"wp:attachment":[{"href":"https:\/\/cheries-cheris.com\/festival\/wp-json\/wp\/v2\/media?parent=2561"}],"wp:term":[{"taxonomy":"film-type","embeddable":true,"href":"https:\/\/cheries-cheris.com\/festival\/wp-json\/wp\/v2\/film-type?post=2561"},{"taxonomy":"film-tag","embeddable":true,"href":"https:\/\/cheries-cheris.com\/festival\/wp-json\/wp\/v2\/film-tag?post=2561"}],"curies":[{"name":"wp","href":"https:\/\/api.w.org\/{rel}","templated":true}]}}

EDDY DE PRETTO LIVE À L’ELYSÉE-MONTMARTRE

<p>Apparu sur la scène musicale française en 2017, Eddy de Pretto a connu une ascension fulgurante avec son EP Kid puis son album Cure. D’emblée, il assume ouvertement son homosexualité, thème récurrent des textes de ses chansons, et la diffi culté qu’il a eu à l’assumer dans la banlieue près de Créteil où il a grandi. Véritable bête de scène, il conclut une tournée triomphale, commencée dans des petites salles avant de parcourir les Zénith de France sur 2 ans et qui s’est conclue par une série 10 concerts à l’Elysée-Montmartre, dans une confi guration inédite avec une scène en forme de ring de boxe central. Entouré par son public, il livre un combat avec lui-même appuyé par des vidéos-confessions relatant son parcours intime, musical, ses frustrations, ses fantasmes…</p>
<p><em>La séance sera en présence de l’artiste (sous réserve).</em></p>

<p>Apparu sur la scène musicale française en 2017, Eddy de Pretto a connu une ascension fulgurante avec son EP Kid puis son album Cure. D’emblée, il assume ouvertement son homosexualité, thème récurrent des textes de ses chansons, et la diffi culté qu’il a eu à l’assumer dans la banlieue près de Créteil où il a [&hellip;]</p>
