{"id":2229,"date":"2020-10-10T16:01:44","date_gmt":"2020-10-10T14:01:44","guid":{"rendered":"https:\/\/cheries-cheris.com\/festival\/?post_type=film&#038;p=2229"},"modified":"2021-06-05T19:18:29","modified_gmt":"2021-06-05T17:18:29","slug":"la-fabrique-du-consentement-regards-lesbo-queer","status":"publish","type":"film","link":"https:\/\/cheries-cheris.com\/festival\/films\/la-fabrique-du-consentement-regards-lesbo-queer\/","title":{"rendered":"LA FABRIQUE DU CONSENTEMENT\u00a0: REGARDS LESBO-QUEER"},"content":{"rendered":"<p>Et si les communaut\u00e9s lesbo-queer avaient quelque chose \u00e0 partager des singularit\u00e9s de leurs sexualit\u00e9s ? \u00c0 travers l\u2019\u00e9pineuse question du consentement, seize protagonistes de ces communaut\u00e9s prennent la parole. Existe-t-il une zone floue, un continuum entre consentement et agression ? De quelles mani\u00e8res peut-on d\u00e9jouer la culture du viol et innover en mati\u00e8re de consentement ? Comment la notion d\u2019agression a-t-elle \u00e9t\u00e9 instrumentalis\u00e9e historiquement pour exclure les femmes trans ?<!--more--><br \/>\n<strong>Plongeant au c\u0153ur de leurs intimit\u00e9s, les protagonistes du film interrogent, se mettent en col\u00e8re, rient, inventent d\u2019autres possibles. Iel-le-s posent d\u2019autres regards sur le consentement, \u00e0 partir de l&rsquo;exp\u00e9rience de leurs communaut\u00e9s marginalis\u00e9es, de leurs sous-cultures et de leurs explorations.<\/strong><\/p>\n","protected":false},"excerpt":{"rendered":"<p>Et si les communaut\u00e9s lesbo-queer avaient quelque chose \u00e0 partager des singularit\u00e9s de leurs sexualit\u00e9s ? \u00c0 travers l\u2019\u00e9pineuse question du consentement, seize protagonistes de ces communaut\u00e9s prennent la parole. Existe-t-il une zone floue, un continuum entre consentement et agression ? De quelles mani\u00e8res peut-on d\u00e9jouer la culture du viol et innover en mati\u00e8re de [&hellip;]<\/p>\n","protected":false},"featured_media":2232,"template":"","meta":[],"film-type":[21],"film-tag":[],"class_list":["post-2229","film","type-film","status-publish","has-post-thumbnail","hentry","film-type-panorama-documentaires"],"_links":{"self":[{"href":"https:\/\/cheries-cheris.com\/festival\/wp-json\/wp\/v2\/film\/2229","targetHints":{"allow":["GET"]}}],"collection":[{"href":"https:\/\/cheries-cheris.com\/festival\/wp-json\/wp\/v2\/film"}],"about":[{"href":"https:\/\/cheries-cheris.com\/festival\/wp-json\/wp\/v2\/types\/film"}],"wp:featuredmedia":[{"embeddable":true,"href":"https:\/\/cheries-cheris.com\/festival\/wp-json\/wp\/v2\/media\/2232"}],"wp:attachment":[{"href":"https:\/\/cheries-cheris.com\/festival\/wp-json\/wp\/v2\/media?parent=2229"}],"wp:term":[{"taxonomy":"film-type","embeddable":true,"href":"https:\/\/cheries-cheris.com\/festival\/wp-json\/wp\/v2\/film-type?post=2229"},{"taxonomy":"film-tag","embeddable":true,"href":"https:\/\/cheries-cheris.com\/festival\/wp-json\/wp\/v2\/film-tag?post=2229"}],"curies":[{"name":"wp","href":"https:\/\/api.w.org\/{rel}","templated":true}]}}

<p>Et si les communautés lesbo-queer avaient quelque chose à partager des singularités de leurs sexualités ? À travers l’épineuse question du consentement, seize protagonistes de ces communautés prennent la parole. Existe-t-il une zone floue, un continuum entre consentement et agression ? De quelles manières peut-on déjouer la culture du viol et innover en matière de consentement ? Comment la notion d’agression a-t-elle été instrumentalisée historiquement pour exclure les femmes trans ?<!--more--><br />
<strong>Plongeant au cœur de leurs intimités, les protagonistes du film interrogent, se mettent en colère, rient, inventent d’autres possibles. Iel-le-s posent d’autres regards sur le consentement, à partir de l&rsquo;expérience de leurs communautés marginalisées, de leurs sous-cultures et de leurs explorations.</strong></p>

<p>Et si les communautés lesbo-queer avaient quelque chose à partager des singularités de leurs sexualités ? À travers l’épineuse question du consentement, seize protagonistes de ces communautés prennent la parole. Existe-t-il une zone floue, un continuum entre consentement et agression ? De quelles manières peut-on déjouer la culture du viol et innover en matière de [&hellip;]</p>
