{"id":1629,"date":"2019-10-15T09:28:52","date_gmt":"2019-10-15T07:28:52","guid":{"rendered":"http:\/\/cheries-cheris.com\/festival\/?post_type=film&#038;p=1629"},"modified":"2019-10-15T09:28:52","modified_gmt":"2019-10-15T07:28:52","slug":"lagerfeld-confidentiel","status":"publish","type":"film","link":"https:\/\/cheries-cheris.com\/festival\/films\/lagerfeld-confidentiel\/","title":{"rendered":"LAGERFELD CONFIDENTIEL"},"content":{"rendered":"<p>Rodolphe Marconi propose de percer le myst\u00e8re Lagerfeld, jamais \u00e0 son insu mais avec respect, admiration, discr\u00e9tion et sensibilit\u00e9. Au fil de plus de cent cinquante heures de tournage, Rodolphe Marconi, qui a litt\u00e9ralement partag\u00e9 la vie de Karl Lagerferd, d\u00e9voile avec son \u0153il de cin\u00e9aste le quotidien de la star.<\/p>\n<p><!--more--><br \/>\n<strong>Figure iconique intemporelle, on le croyait immortel. Le choc fut d\u2019autant plus brutal lorsque l\u2019on apprenait la disparition de Karl Lagerfeld le 19 f\u00e9vrier dernier. Dandy dont la l\u00e9g\u00e8ret\u00e9 affich\u00e9e n\u2019avait d\u2019\u00e9gal que sa profondeur d\u2019esprit, il ne cessait de ramener le monde de la mode et ses orgueilleux personnages \u00e0 leur statut d\u2019\u00e9ph\u00e9m\u00e8re. Rodolphe Marconi a su gagner la confiance de l\u2019illustre couturier de la maison Chanel et nous livre un acc\u00e8s privil\u00e9gi\u00e9 \u00e0 son intimit\u00e9 sans jamais trahir sa pudeur l\u00e9gendaire. G\u00e9n\u00e9reux en parole, les interviews et reportages sur Karl Lagerfeld sont nombreux, mais ce portrait constitue sans doute son plus juste reflet, entre g\u00e9nie cr\u00e9atif et figure m\u00e9diatique warholienne. <\/strong><\/p>\n<p><em>La projection sera suivie d\u2019une rencontre avec Rodolphe Marconi. <\/em><\/p>\n","protected":false},"excerpt":{"rendered":"<p>Rodolphe Marconi propose de percer le myst\u00e8re Lagerfeld, jamais \u00e0 son insu mais avec respect, admiration, discr\u00e9tion et sensibilit\u00e9. Au fil de plus de cent cinquante heures de tournage, Rodolphe Marconi, qui a litt\u00e9ralement partag\u00e9 la vie de Karl Lagerferd, d\u00e9voile avec son \u0153il de cin\u00e9aste le quotidien de la star.<\/p>\n","protected":false},"featured_media":1446,"template":"","meta":[],"film-type":[22],"film-tag":[],"class_list":["post-1629","film","type-film","status-publish","has-post-thumbnail","hentry","film-type-seances-speciales"],"_links":{"self":[{"href":"https:\/\/cheries-cheris.com\/festival\/wp-json\/wp\/v2\/film\/1629","targetHints":{"allow":["GET"]}}],"collection":[{"href":"https:\/\/cheries-cheris.com\/festival\/wp-json\/wp\/v2\/film"}],"about":[{"href":"https:\/\/cheries-cheris.com\/festival\/wp-json\/wp\/v2\/types\/film"}],"wp:featuredmedia":[{"embeddable":true,"href":"https:\/\/cheries-cheris.com\/festival\/wp-json\/wp\/v2\/media\/1446"}],"wp:attachment":[{"href":"https:\/\/cheries-cheris.com\/festival\/wp-json\/wp\/v2\/media?parent=1629"}],"wp:term":[{"taxonomy":"film-type","embeddable":true,"href":"https:\/\/cheries-cheris.com\/festival\/wp-json\/wp\/v2\/film-type?post=1629"},{"taxonomy":"film-tag","embeddable":true,"href":"https:\/\/cheries-cheris.com\/festival\/wp-json\/wp\/v2\/film-tag?post=1629"}],"curies":[{"name":"wp","href":"https:\/\/api.w.org\/{rel}","templated":true}]}}

<p>Rodolphe Marconi propose de percer le mystère Lagerfeld, jamais à son insu mais avec respect, admiration, discrétion et sensibilité. Au fil de plus de cent cinquante heures de tournage, Rodolphe Marconi, qui a littéralement partagé la vie de Karl Lagerferd, dévoile avec son œil de cinéaste le quotidien de la star.</p>
<p><!--more--><br />
<strong>Figure iconique intemporelle, on le croyait immortel. Le choc fut d’autant plus brutal lorsque l’on apprenait la disparition de Karl Lagerfeld le 19 février dernier. Dandy dont la légèreté affichée n’avait d’égal que sa profondeur d’esprit, il ne cessait de ramener le monde de la mode et ses orgueilleux personnages à leur statut d’éphémère. Rodolphe Marconi a su gagner la confiance de l’illustre couturier de la maison Chanel et nous livre un accès privilégié à son intimité sans jamais trahir sa pudeur légendaire. Généreux en parole, les interviews et reportages sur Karl Lagerfeld sont nombreux, mais ce portrait constitue sans doute son plus juste reflet, entre génie créatif et figure médiatique warholienne. </strong></p>
<p><em>La projection sera suivie d’une rencontre avec Rodolphe Marconi. </em></p>

<p>Rodolphe Marconi propose de percer le mystère Lagerfeld, jamais à son insu mais avec respect, admiration, discrétion et sensibilité. Au fil de plus de cent cinquante heures de tournage, Rodolphe Marconi, qui a littéralement partagé la vie de Karl Lagerferd, dévoile avec son œil de cinéaste le quotidien de la star.</p>
